{"id":43789,"date":"2015-08-13T23:34:56","date_gmt":"2015-08-13T21:34:56","guid":{"rendered":"http:\/\/museumek.eu\/?page_id=43789"},"modified":"2015-08-13T23:36:12","modified_gmt":"2015-08-13T21:36:12","slug":"dcxxxiv2","status":"publish","type":"page","link":"https:\/\/museumek.eu\/?page_id=43789","title":{"rendered":"D\/CXXXIV\/2"},"content":{"rendered":"<p><strong>Abteilung Deutschland, Keramik 1860 \u2013 1960, Inventarnummer D\/CXXXIV\/2<\/strong><\/p>\n<p>Porzellan-Manufaktur Burgau a. S. Ferdinand Selle, Deutschland, Burgau, 1909 &#8211; 1911, Schale mit Dekor R\u00e4dchen, K\u00fcnstler unbekannt, Werks.-Nr. ohne, Exemplar Nr. ohne, gemarkt Firmenmarke in einem Schild-f\u00f6rmigen Rahmen PBM (f\u00fcr Porzellan-Manufaktur Burgau), darunter ein Querstrich, darunter ein S-f\u00f6rmiger nach rechts blickender Fisch (das S steht entweder f\u00fcr Selle oder f\u00fcr den Fluss Saale) auf Wellengrund gr\u00fcner Stempel unter Glasur, nicht signiert, Literatur: Bernd Fritz und Birgitt Hellmann, St\u00e4dtische Museen Jena, Porzellan-Manufaktur Burgau a. d. Saale Ferdinand Selle 1901 \u2013 1929, Seite 22, Firmenbrief, dort identische Marke in schwarz-weiss abgebildet, Seite 25, Chronologie der Erzeugnisse der Porzellanmanufaktur, dort unter Jahr 1909 \u2013 1911 Dekor R\u00e4dchen aufgef\u00fchrt sowie Seiten 74\/75 Abbildungen von Geschirrteilen mit diesem Dekor wie folgt beschrieben: R\u00e4dchen-Dekor, kobaltblaues P\u00fcnktchenmuster aus radial angeordneten Reihen, Kreisen und Bl\u00fctensternen, weitere Literatur: Otto Pelka, Keramik der Neuzeit, Markentafel II, Marke Nr. 13 identisch, Seite 209, Herstellerverzeichnis, dort unter Burgau: Porzellan-Manufaktur Burgau Ferdinand Selle sowie Seite 221, Namenverzeichnis, dort Selle, Ferdinand, Burgau, 1901 gr\u00fcndet der Leipziger Kaufmann (Porzellanhandlung zusammen mit seinen zwei Br\u00fcdern in Leipzig) Ferdinand Otto Reinhold Selle in Burgau bei Jena eine Porzellanfabrik, handelsgerichtliche Eintragungen: 20.11.1901 Anmeldung, 26.03.1902 Eintragung, Firmierung Porzellan-Manufaktur Burgau a. S. Ferdinand Selle (a. S. steht f\u00fcr an der Saale), die Entw\u00fcrfe, die unter anderem von van de Velde und Albin M\u00fcller stammen, bilden fast ausschlie\u00dflich den Zeitgeschmack des Jugendstils ab, am 09.02.1915 stirbt Selle und seine Witwe Anna Agnes Selle f\u00fchrt die Fabrik fort, 1929 wird die Fabrik geschlossen, H\u00f6he 3,5 cm, Breite 30 cm<\/p>\n<p><a href=\"http:\/\/museumek.eu\/?attachment_id=43790\" rel=\"attachment wp-att-43790\"><img loading=\"lazy\" src=\"http:\/\/museumek.eu\/wp-content\/uploads\/2015\/08\/4473-300x196.jpg\" alt=\"\" title=\"4473\" width=\"300\" height=\"196\" class=\"alignnone size-medium wp-image-43790\" srcset=\"https:\/\/museumek.eu\/wp-content\/uploads\/2015\/08\/4473-300x196.jpg 300w, https:\/\/museumek.eu\/wp-content\/uploads\/2015\/08\/4473-150x98.jpg 150w, https:\/\/museumek.eu\/wp-content\/uploads\/2015\/08\/4473-458x300.jpg 458w, https:\/\/museumek.eu\/wp-content\/uploads\/2015\/08\/4473.jpg 800w\" sizes=\"(max-width: 300px) 100vw, 300px\" \/><\/a><\/p>\n<p><a href=\"http:\/\/museumek.eu\/?attachment_id=43791\" rel=\"attachment wp-att-43791\"><img loading=\"lazy\" src=\"http:\/\/museumek.eu\/wp-content\/uploads\/2015\/08\/4474-300x180.jpg\" alt=\"\" title=\"4474\" width=\"300\" height=\"180\" class=\"alignnone size-medium wp-image-43791\" srcset=\"https:\/\/museumek.eu\/wp-content\/uploads\/2015\/08\/4474-300x180.jpg 300w, https:\/\/museumek.eu\/wp-content\/uploads\/2015\/08\/4474-150x90.jpg 150w, https:\/\/museumek.eu\/wp-content\/uploads\/2015\/08\/4474-497x300.jpg 497w, https:\/\/museumek.eu\/wp-content\/uploads\/2015\/08\/4474.jpg 800w\" sizes=\"(max-width: 300px) 100vw, 300px\" \/><\/a><\/p>\n<p><a href=\"http:\/\/museumek.eu\/?attachment_id=43792\" rel=\"attachment wp-att-43792\"><img loading=\"lazy\" src=\"http:\/\/museumek.eu\/wp-content\/uploads\/2015\/08\/4475-275x300.jpg\" alt=\"\" title=\"4475\" width=\"275\" height=\"300\" class=\"alignnone size-medium wp-image-43792\" srcset=\"https:\/\/museumek.eu\/wp-content\/uploads\/2015\/08\/4475-275x300.jpg 275w, https:\/\/museumek.eu\/wp-content\/uploads\/2015\/08\/4475-137x150.jpg 137w, https:\/\/museumek.eu\/wp-content\/uploads\/2015\/08\/4475.jpg 600w\" sizes=\"(max-width: 275px) 100vw, 275px\" \/><\/a><\/p>\n<p><a href=\"http:\/\/museumek.eu\/?attachment_id=43793\" rel=\"attachment wp-att-43793\"><img loading=\"lazy\" src=\"http:\/\/museumek.eu\/wp-content\/uploads\/2015\/08\/4477-300x94.jpg\" alt=\"\" title=\"4477\" width=\"300\" height=\"94\" class=\"alignnone size-medium wp-image-43793\" srcset=\"https:\/\/museumek.eu\/wp-content\/uploads\/2015\/08\/4477-300x94.jpg 300w, https:\/\/museumek.eu\/wp-content\/uploads\/2015\/08\/4477-150x47.jpg 150w, https:\/\/museumek.eu\/wp-content\/uploads\/2015\/08\/4477-500x157.jpg 500w, https:\/\/museumek.eu\/wp-content\/uploads\/2015\/08\/4477.jpg 800w\" sizes=\"(max-width: 300px) 100vw, 300px\" \/><\/a><\/p>\n<p><a href=\"http:\/\/museumek.eu\/?attachment_id=43794\" rel=\"attachment wp-att-43794\"><img loading=\"lazy\" src=\"http:\/\/museumek.eu\/wp-content\/uploads\/2015\/08\/4476-196x300.jpg\" alt=\"\" title=\"4476\" width=\"196\" height=\"300\" class=\"alignnone size-medium wp-image-43794\" srcset=\"https:\/\/museumek.eu\/wp-content\/uploads\/2015\/08\/4476-196x300.jpg 196w, https:\/\/museumek.eu\/wp-content\/uploads\/2015\/08\/4476-98x150.jpg 98w, https:\/\/museumek.eu\/wp-content\/uploads\/2015\/08\/4476.jpg 525w\" sizes=\"(max-width: 196px) 100vw, 196px\" \/><\/a><\/p>\n<p><a href=\"http:\/\/museumek.eu\/?attachment_id=43795\" rel=\"attachment wp-att-43795\"><img loading=\"lazy\" src=\"http:\/\/museumek.eu\/wp-content\/uploads\/2015\/08\/4478-239x300.jpg\" alt=\"\" title=\"4478\" width=\"239\" height=\"300\" class=\"alignnone size-medium wp-image-43795\" srcset=\"https:\/\/museumek.eu\/wp-content\/uploads\/2015\/08\/4478-239x300.jpg 239w, https:\/\/museumek.eu\/wp-content\/uploads\/2015\/08\/4478-119x150.jpg 119w, https:\/\/museumek.eu\/wp-content\/uploads\/2015\/08\/4478.jpg 420w\" sizes=\"(max-width: 239px) 100vw, 239px\" \/><\/a><\/p>\n","protected":false},"excerpt":{"rendered":"<p>Abteilung Deutschland, Keramik 1860 \u2013 1960, Inventarnummer D\/CXXXIV\/2 Porzellan-Manufaktur Burgau a. S. Ferdinand Selle, Deutschland, Burgau, 1909 &#8211; 1911, Schale mit Dekor R\u00e4dchen, K\u00fcnstler unbekannt, Werks.-Nr. ohne, Exemplar Nr. ohne, gemarkt Firmenmarke in einem Schild-f\u00f6rmigen Rahmen PBM (f\u00fcr Porzellan-Manufaktur Burgau), &hellip; <a href=\"https:\/\/museumek.eu\/?page_id=43789\">Weiterlesen <span class=\"meta-nav\">&rarr;<\/span><\/a><\/p>\n","protected":false},"author":1,"featured_media":0,"parent":41083,"menu_order":2,"comment_status":"closed","ping_status":"open","template":"","meta":[],"_links":{"self":[{"href":"https:\/\/museumek.eu\/index.php?rest_route=\/wp\/v2\/pages\/43789"}],"collection":[{"href":"https:\/\/museumek.eu\/index.php?rest_route=\/wp\/v2\/pages"}],"about":[{"href":"https:\/\/museumek.eu\/index.php?rest_route=\/wp\/v2\/types\/page"}],"author":[{"embeddable":true,"href":"https:\/\/museumek.eu\/index.php?rest_route=\/wp\/v2\/users\/1"}],"replies":[{"embeddable":true,"href":"https:\/\/museumek.eu\/index.php?rest_route=%2Fwp%2Fv2%2Fcomments&post=43789"}],"version-history":[{"count":6,"href":"https:\/\/museumek.eu\/index.php?rest_route=\/wp\/v2\/pages\/43789\/revisions"}],"predecessor-version":[{"id":43801,"href":"https:\/\/museumek.eu\/index.php?rest_route=\/wp\/v2\/pages\/43789\/revisions\/43801"}],"up":[{"embeddable":true,"href":"https:\/\/museumek.eu\/index.php?rest_route=\/wp\/v2\/pages\/41083"}],"wp:attachment":[{"href":"https:\/\/museumek.eu\/index.php?rest_route=%2Fwp%2Fv2%2Fmedia&parent=43789"}],"curies":[{"name":"wp","href":"https:\/\/api.w.org\/{rel}","templated":true}]}}