{"id":46711,"date":"2020-05-14T21:03:00","date_gmt":"2020-05-14T19:03:00","guid":{"rendered":"http:\/\/museumek.eu\/?page_id=46711"},"modified":"2021-01-13T11:40:54","modified_gmt":"2021-01-13T10:40:54","slug":"fotos-und-beschreibung","status":"publish","type":"page","link":"https:\/\/museumek.eu\/?page_id=46711","title":{"rendered":"Fotos und Beschreibung"},"content":{"rendered":"<p><strong>Abteilung Italien, Keramik 1860 \u2013 1960, Inventarnummer I\/IV\/1<\/strong><\/p>\n<p>Manifattura Figli di Giuseppe Cantagalli, Italien, Florenz, vor\/um 1930, Lik\u00f6rflasche, K\u00fcnstler unbekannt, Werks.-Nr. 3 (?), Exemplar Nr. ohne, gemarkt Firenza darunter ITALY blauer Stempel, mit der Hand gemalter Hahn dunkelrot (der Hahn, meistens in roten T\u00f6nen gemalt, war die eigentliche Marke der Manufaktur) sowie 3 geritzt, nicht signiert, Literatur: Dieter Z\u00fchlsdorff, Markenlexikon Band 1 Porzellan und Keramikreport 1885 &#8211; 1935, Seite 316, Werkteil 1, Markengruppe 11, Marke 117 Hahn identisch sowie Seite 500, Werkteil 3. Nr. 351, etwas mangelhafte Kurzbeschreibung der Manufaktur, 1878 \u00fcbernahm Ulisse Cantagalli (geb. 1839 &#8211; gest. 1901) die Fabrik seines Vater Giuseppe Cantagalli in Florenz, Firmierung Manifattura Figli di Giuseppe Cantagalli, Ulisse Cantagalli war auch selbst handwerklich und als K\u00fcnstler t\u00e4tig, denn mit seinen Keramiken imitierte er mit gro\u00dfem K\u00f6nnen den Stil der italienischen Renaissance der Meister von Gubbio, Deruta und Urbino, durch seinen Freund William de Morgan, dem besten englischen Designer seiner Zeit in England, \u00f6ffneten sich f\u00fcr ihn T\u00fcren in England und Amerika, wo seine St\u00fccke sehr begehrt waren und hohe Preise erzielten, nach seinem Tod f\u00fchrten seine Frau und seine Tochter die Manufaktur bis zum Verkauf 1934, an die Firma des Herrn Amerigo Mengatti, weiter, H\u00f6he 18 cm, Breite 12 cm<\/p>\n<p><a href=\"http:\/\/museumek.eu\/?attachment_id=46712\" rel=\"attachment wp-att-46712\"><img loading=\"lazy\" src=\"http:\/\/museumek.eu\/wp-content\/uploads\/2020\/05\/Cantagalli-Vase-1-178x300.jpg\" alt=\"\" title=\"Cantagalli Vase 1\" width=\"178\" height=\"300\" class=\"alignnone size-medium wp-image-46712\" srcset=\"https:\/\/museumek.eu\/wp-content\/uploads\/2020\/05\/Cantagalli-Vase-1-178x300.jpg 178w, https:\/\/museumek.eu\/wp-content\/uploads\/2020\/05\/Cantagalli-Vase-1-89x150.jpg 89w, https:\/\/museumek.eu\/wp-content\/uploads\/2020\/05\/Cantagalli-Vase-1.jpg 381w\" sizes=\"(max-width: 178px) 100vw, 178px\" \/><\/a><\/p>\n<p><a href=\"http:\/\/museumek.eu\/?attachment_id=46713\" rel=\"attachment wp-att-46713\"><img loading=\"lazy\" src=\"http:\/\/museumek.eu\/wp-content\/uploads\/2020\/05\/Cantagalli-Vase-2-174x300.jpg\" alt=\"\" title=\"Cantagalli Vase 2\" width=\"174\" height=\"300\" class=\"alignnone size-medium wp-image-46713\" srcset=\"https:\/\/museumek.eu\/wp-content\/uploads\/2020\/05\/Cantagalli-Vase-2-174x300.jpg 174w, https:\/\/museumek.eu\/wp-content\/uploads\/2020\/05\/Cantagalli-Vase-2-87x150.jpg 87w, https:\/\/museumek.eu\/wp-content\/uploads\/2020\/05\/Cantagalli-Vase-2.jpg 384w\" sizes=\"(max-width: 174px) 100vw, 174px\" \/><\/a><\/p>\n<p><a href=\"http:\/\/museumek.eu\/?attachment_id=46714\" rel=\"attachment wp-att-46714\"><img loading=\"lazy\" src=\"http:\/\/museumek.eu\/wp-content\/uploads\/2020\/05\/Cantagalli-Vase-3-178x300.jpg\" alt=\"\" title=\"Cantagalli Vase 3\" width=\"178\" height=\"300\" class=\"alignnone size-medium wp-image-46714\" srcset=\"https:\/\/museumek.eu\/wp-content\/uploads\/2020\/05\/Cantagalli-Vase-3-178x300.jpg 178w, https:\/\/museumek.eu\/wp-content\/uploads\/2020\/05\/Cantagalli-Vase-3-89x150.jpg 89w, https:\/\/museumek.eu\/wp-content\/uploads\/2020\/05\/Cantagalli-Vase-3.jpg 380w\" sizes=\"(max-width: 178px) 100vw, 178px\" \/><\/a><\/p>\n<p><a href=\"http:\/\/museumek.eu\/?attachment_id=46715\" rel=\"attachment wp-att-46715\"><img loading=\"lazy\" src=\"http:\/\/museumek.eu\/wp-content\/uploads\/2020\/05\/Cantagalli-Vase-4-236x300.jpg\" alt=\"\" title=\"Cantagalli Vase 4\" width=\"236\" height=\"300\" class=\"alignnone size-medium wp-image-46715\" srcset=\"https:\/\/museumek.eu\/wp-content\/uploads\/2020\/05\/Cantagalli-Vase-4-236x300.jpg 236w, https:\/\/museumek.eu\/wp-content\/uploads\/2020\/05\/Cantagalli-Vase-4-118x150.jpg 118w, https:\/\/museumek.eu\/wp-content\/uploads\/2020\/05\/Cantagalli-Vase-4.jpg 480w\" sizes=\"(max-width: 236px) 100vw, 236px\" \/><\/a><\/p>\n<p><a href=\"http:\/\/museumek.eu\/?attachment_id=46716\" rel=\"attachment wp-att-46716\"><img loading=\"lazy\" src=\"http:\/\/museumek.eu\/wp-content\/uploads\/2020\/05\/Cantagalli-Vase-5-300x287.jpg\" alt=\"\" title=\"Cantagalli Vase 5\" width=\"300\" height=\"287\" class=\"alignnone size-medium wp-image-46716\" srcset=\"https:\/\/museumek.eu\/wp-content\/uploads\/2020\/05\/Cantagalli-Vase-5-300x287.jpg 300w, https:\/\/museumek.eu\/wp-content\/uploads\/2020\/05\/Cantagalli-Vase-5-150x143.jpg 150w, https:\/\/museumek.eu\/wp-content\/uploads\/2020\/05\/Cantagalli-Vase-5-313x300.jpg 313w, https:\/\/museumek.eu\/wp-content\/uploads\/2020\/05\/Cantagalli-Vase-5.jpg 501w\" sizes=\"(max-width: 300px) 100vw, 300px\" \/><\/a><\/p>\n<p><a href=\"http:\/\/museumek.eu\/?attachment_id=46717\" rel=\"attachment wp-att-46717\"><img loading=\"lazy\" src=\"http:\/\/museumek.eu\/wp-content\/uploads\/2020\/05\/Cantagalli-Vase-6-300x268.jpg\" alt=\"\" title=\"Cantagalli Vase 6\" width=\"300\" height=\"268\" class=\"alignnone size-medium wp-image-46717\" srcset=\"https:\/\/museumek.eu\/wp-content\/uploads\/2020\/05\/Cantagalli-Vase-6-300x268.jpg 300w, https:\/\/museumek.eu\/wp-content\/uploads\/2020\/05\/Cantagalli-Vase-6-150x134.jpg 150w, https:\/\/museumek.eu\/wp-content\/uploads\/2020\/05\/Cantagalli-Vase-6-335x300.jpg 335w, https:\/\/museumek.eu\/wp-content\/uploads\/2020\/05\/Cantagalli-Vase-6.jpg 536w\" sizes=\"(max-width: 300px) 100vw, 300px\" \/><\/a><\/p>\n","protected":false},"excerpt":{"rendered":"<p>Abteilung Italien, Keramik 1860 \u2013 1960, Inventarnummer I\/IV\/1 Manifattura Figli di Giuseppe Cantagalli, Italien, Florenz, vor\/um 1930, Lik\u00f6rflasche, K\u00fcnstler unbekannt, Werks.-Nr. 3 (?), Exemplar Nr. ohne, gemarkt Firenza darunter ITALY blauer Stempel, mit der Hand gemalter Hahn dunkelrot (der Hahn, &hellip; <a href=\"https:\/\/museumek.eu\/?page_id=46711\">Weiterlesen <span class=\"meta-nav\">&rarr;<\/span><\/a><\/p>\n","protected":false},"author":1,"featured_media":0,"parent":46709,"menu_order":0,"comment_status":"closed","ping_status":"open","template":"","meta":[],"_links":{"self":[{"href":"https:\/\/museumek.eu\/index.php?rest_route=\/wp\/v2\/pages\/46711"}],"collection":[{"href":"https:\/\/museumek.eu\/index.php?rest_route=\/wp\/v2\/pages"}],"about":[{"href":"https:\/\/museumek.eu\/index.php?rest_route=\/wp\/v2\/types\/page"}],"author":[{"embeddable":true,"href":"https:\/\/museumek.eu\/index.php?rest_route=\/wp\/v2\/users\/1"}],"replies":[{"embeddable":true,"href":"https:\/\/museumek.eu\/index.php?rest_route=%2Fwp%2Fv2%2Fcomments&post=46711"}],"version-history":[{"count":11,"href":"https:\/\/museumek.eu\/index.php?rest_route=\/wp\/v2\/pages\/46711\/revisions"}],"predecessor-version":[{"id":52066,"href":"https:\/\/museumek.eu\/index.php?rest_route=\/wp\/v2\/pages\/46711\/revisions\/52066"}],"up":[{"embeddable":true,"href":"https:\/\/museumek.eu\/index.php?rest_route=\/wp\/v2\/pages\/46709"}],"wp:attachment":[{"href":"https:\/\/museumek.eu\/index.php?rest_route=%2Fwp%2Fv2%2Fmedia&parent=46711"}],"curies":[{"name":"wp","href":"https:\/\/api.w.org\/{rel}","templated":true}]}}