{"id":47360,"date":"2020-06-10T22:39:08","date_gmt":"2020-06-10T20:39:08","guid":{"rendered":"http:\/\/museumek.eu\/?page_id=47360"},"modified":"2020-06-10T22:39:08","modified_gmt":"2020-06-10T20:39:08","slug":"dviii38","status":"publish","type":"page","link":"https:\/\/museumek.eu\/?page_id=47360","title":{"rendered":"D\/VIII\/38"},"content":{"rendered":"<p><strong>Abteilung Deutschland, Keramik 1860 \u2013 1960, Inventarnummer D\/VIII\/38<\/strong><\/p>\n<p>Manufaktur Villeroy &#038; Boch, Deutschland, Dresden, vor\/um 1910, Schale, K\u00fcnstler unbekannt, Werks.-Nr. 869 (?) (Formbezeichnung ?), Exemplar Nr. ohne, gemarkt Firmenmarke mit VB ligiert (f\u00fcr Villeroy &#038; Boch) in einem kunstvollem D (f\u00fcr Dresden) brauner Stempel unter Glasur (dieser Stempel wurde nach Auskunft von Frau Ester Schneider, Direktorin des Mettlach Museums, als registriertes Warenzeichen Nr. 1972 in der Zeit vom 19.10.1887 bis 15.06.1934 f\u00fcr Kunstkeramiken im Zweigwerk Dresden verwendet) sowie CFH 869 in einem Rahmen gepresst, K\u00fcnstler: unbekannt, nicht signiert, Literatur: Otto Pelka, Keramik der Neuzeit, Markentafel II, Marke Nr. 22 identisch, weitere Literatur, Edgar Pelichet, Jugendstil Keramik, Seite 188, Marke da verzeichnet, weitere Literatur: Th\u00e9r\u00e8se Thomas, Villeroy &#038; Boch 1748 &#8211; 1930, Keramik aus der Produktion zweier Jahrhunderte, Ausstellung Rijksmuseum Amsterdam 09.12.1977 &#8211; 19.02.1978, Marken\u00fcbersicht Dresden, Marke Typ C identisch, weitere Literatur: Dieter Z\u00fchlsdorf, Markenlexikon Band 1, Porzellan und Keramik Report 1885 &#8211; 1935, Seite 120, Werkteil-Nummer 1, Gruppennummer 1., fortlaufende Nummer innerhalb der Gruppe 2588 Marke identisch sowie Seite 493, Werkteil-Nummer 3, fortlaufende Nummer des Werkteils 285, kurze Beschreibung der Manufaktur,<br \/>\nH\u00f6he 5 cm, Breite 22,5 cm<\/p>\n<p><a href=\"http:\/\/museumek.eu\/?attachment_id=47337\" rel=\"attachment wp-att-47337\"><img loading=\"lazy\" src=\"http:\/\/museumek.eu\/wp-content\/uploads\/2011\/09\/VBD-Schale-1-293x300.jpg\" alt=\"\" title=\"VBD Schale 1\" width=\"293\" height=\"300\" class=\"alignnone size-medium wp-image-47337\" srcset=\"https:\/\/museumek.eu\/wp-content\/uploads\/2011\/09\/VBD-Schale-1-293x300.jpg 293w, https:\/\/museumek.eu\/wp-content\/uploads\/2011\/09\/VBD-Schale-1-146x150.jpg 146w, https:\/\/museumek.eu\/wp-content\/uploads\/2011\/09\/VBD-Schale-1.jpg 480w\" sizes=\"(max-width: 293px) 100vw, 293px\" \/><\/a><\/p>\n<p><a href=\"http:\/\/museumek.eu\/?attachment_id=47338\" rel=\"attachment wp-att-47338\"><img loading=\"lazy\" src=\"http:\/\/museumek.eu\/wp-content\/uploads\/2011\/09\/VBD-Schale-2-300x266.jpg\" alt=\"\" title=\"VBD Schale 2\" width=\"300\" height=\"266\" class=\"alignnone size-medium wp-image-47338\" srcset=\"https:\/\/museumek.eu\/wp-content\/uploads\/2011\/09\/VBD-Schale-2-300x266.jpg 300w, https:\/\/museumek.eu\/wp-content\/uploads\/2011\/09\/VBD-Schale-2-150x133.jpg 150w, https:\/\/museumek.eu\/wp-content\/uploads\/2011\/09\/VBD-Schale-2-337x300.jpg 337w, https:\/\/museumek.eu\/wp-content\/uploads\/2011\/09\/VBD-Schale-2.jpg 540w\" sizes=\"(max-width: 300px) 100vw, 300px\" \/><\/a><\/p>\n<p><a href=\"http:\/\/museumek.eu\/?attachment_id=47339\" rel=\"attachment wp-att-47339\"><img loading=\"lazy\" src=\"http:\/\/museumek.eu\/wp-content\/uploads\/2011\/09\/VBD-Schale-3-256x300.jpg\" alt=\"\" title=\"VBD Schale 3\" width=\"256\" height=\"300\" class=\"alignnone size-medium wp-image-47339\" srcset=\"https:\/\/museumek.eu\/wp-content\/uploads\/2011\/09\/VBD-Schale-3-256x300.jpg 256w, https:\/\/museumek.eu\/wp-content\/uploads\/2011\/09\/VBD-Schale-3-128x150.jpg 128w, https:\/\/museumek.eu\/wp-content\/uploads\/2011\/09\/VBD-Schale-3.jpg 480w\" sizes=\"(max-width: 256px) 100vw, 256px\" \/><\/a><\/p>\n<p><a href=\"http:\/\/museumek.eu\/?attachment_id=47342\" rel=\"attachment wp-att-47342\"><img loading=\"lazy\" src=\"http:\/\/museumek.eu\/wp-content\/uploads\/2011\/09\/VBD-Schale-4-214x300.jpg\" alt=\"\" title=\"VBD Schale 4\" width=\"214\" height=\"300\" class=\"alignnone size-medium wp-image-47342\" srcset=\"https:\/\/museumek.eu\/wp-content\/uploads\/2011\/09\/VBD-Schale-4-214x300.jpg 214w, https:\/\/museumek.eu\/wp-content\/uploads\/2011\/09\/VBD-Schale-4-107x150.jpg 107w, https:\/\/museumek.eu\/wp-content\/uploads\/2011\/09\/VBD-Schale-4.jpg 458w\" sizes=\"(max-width: 214px) 100vw, 214px\" \/><\/a><\/p>\n","protected":false},"excerpt":{"rendered":"<p>Abteilung Deutschland, Keramik 1860 \u2013 1960, Inventarnummer D\/VIII\/38 Manufaktur Villeroy &#038; Boch, Deutschland, Dresden, vor\/um 1910, Schale, K\u00fcnstler unbekannt, Werks.-Nr. 869 (?) (Formbezeichnung ?), Exemplar Nr. ohne, gemarkt Firmenmarke mit VB ligiert (f\u00fcr Villeroy &#038; Boch) in einem kunstvollem D &hellip; <a href=\"https:\/\/museumek.eu\/?page_id=47360\">Weiterlesen <span class=\"meta-nav\">&rarr;<\/span><\/a><\/p>\n","protected":false},"author":1,"featured_media":0,"parent":20352,"menu_order":38,"comment_status":"closed","ping_status":"open","template":"","meta":[],"_links":{"self":[{"href":"https:\/\/museumek.eu\/index.php?rest_route=\/wp\/v2\/pages\/47360"}],"collection":[{"href":"https:\/\/museumek.eu\/index.php?rest_route=\/wp\/v2\/pages"}],"about":[{"href":"https:\/\/museumek.eu\/index.php?rest_route=\/wp\/v2\/types\/page"}],"author":[{"embeddable":true,"href":"https:\/\/museumek.eu\/index.php?rest_route=\/wp\/v2\/users\/1"}],"replies":[{"embeddable":true,"href":"https:\/\/museumek.eu\/index.php?rest_route=%2Fwp%2Fv2%2Fcomments&post=47360"}],"version-history":[{"count":2,"href":"https:\/\/museumek.eu\/index.php?rest_route=\/wp\/v2\/pages\/47360\/revisions"}],"predecessor-version":[{"id":47362,"href":"https:\/\/museumek.eu\/index.php?rest_route=\/wp\/v2\/pages\/47360\/revisions\/47362"}],"up":[{"embeddable":true,"href":"https:\/\/museumek.eu\/index.php?rest_route=\/wp\/v2\/pages\/20352"}],"wp:attachment":[{"href":"https:\/\/museumek.eu\/index.php?rest_route=%2Fwp%2Fv2%2Fmedia&parent=47360"}],"curies":[{"name":"wp","href":"https:\/\/api.w.org\/{rel}","templated":true}]}}