{"id":47997,"date":"2020-07-22T21:07:45","date_gmt":"2020-07-22T19:07:45","guid":{"rendered":"http:\/\/museumek.eu\/?page_id=47997"},"modified":"2020-07-22T21:07:45","modified_gmt":"2020-07-22T19:07:45","slug":"dlxxxii42","status":"publish","type":"page","link":"https:\/\/museumek.eu\/?page_id=47997","title":{"rendered":"D\/LXXXII\/42"},"content":{"rendered":"<p><strong>Abteilung Deutschland, Keramik 1860 \u2013 1960, Inventarnummer D\/LXXXII\/42<\/strong><\/p>\n<p>Westerw\u00e4lder Steinzeug ohne Fabrikzuordnung, Deutschland, Westerwald, um 1900, Krug, K\u00fcnstler unbekannt, Werks.-Nr. ohne, Exemplar Nr. ohne, gemarkt keine Fabrikmarke aber 1 L \u00fcber Eichstrich sowie 10 und 1 gepresst, nicht signiert,<br \/>\nH\u00f6he 19 cm, Breite 17 cm (nur die Keramik)<\/p>\n<p><a href=\"http:\/\/museumek.eu\/?attachment_id=47979\" rel=\"attachment wp-att-47979\"><img loading=\"lazy\" src=\"http:\/\/museumek.eu\/wp-content\/uploads\/2013\/05\/Westerwald-unbekannt-Deckelkrug-Trompeter-mit-Pferd-1-150x300.jpg\" alt=\"\" title=\"Westerwald unbekannt Deckelkrug Trompeter mit Pferd 1\" width=\"150\" height=\"300\" class=\"alignnone size-medium wp-image-47979\" srcset=\"https:\/\/museumek.eu\/wp-content\/uploads\/2013\/05\/Westerwald-unbekannt-Deckelkrug-Trompeter-mit-Pferd-1-150x300.jpg 150w, https:\/\/museumek.eu\/wp-content\/uploads\/2013\/05\/Westerwald-unbekannt-Deckelkrug-Trompeter-mit-Pferd-1-75x150.jpg 75w\" sizes=\"(max-width: 150px) 100vw, 150px\" \/><\/a><\/p>\n<p><a href=\"http:\/\/museumek.eu\/?attachment_id=47983\" rel=\"attachment wp-att-47983\"><img loading=\"lazy\" src=\"http:\/\/museumek.eu\/wp-content\/uploads\/2013\/05\/Westerwald-unbekannt-Deckelkrug-Trompeter-mit-Pferd-21-185x300.jpg\" alt=\"\" title=\"Westerwald unbekannt Deckelkrug Trompeter mit Pferd 2\" width=\"185\" height=\"300\" class=\"alignnone size-medium wp-image-47983\" srcset=\"https:\/\/museumek.eu\/wp-content\/uploads\/2013\/05\/Westerwald-unbekannt-Deckelkrug-Trompeter-mit-Pferd-21-185x300.jpg 185w, https:\/\/museumek.eu\/wp-content\/uploads\/2013\/05\/Westerwald-unbekannt-Deckelkrug-Trompeter-mit-Pferd-21-92x150.jpg 92w, https:\/\/museumek.eu\/wp-content\/uploads\/2013\/05\/Westerwald-unbekannt-Deckelkrug-Trompeter-mit-Pferd-21.jpg 396w\" sizes=\"(max-width: 185px) 100vw, 185px\" \/><\/a><\/p>\n<p><a href=\"http:\/\/museumek.eu\/?attachment_id=47984\" rel=\"attachment wp-att-47984\"><img loading=\"lazy\" src=\"http:\/\/museumek.eu\/wp-content\/uploads\/2013\/05\/Westerwald-unbekannt-Deckelkrug-Trompeter-mit-Pferd-3-180x300.jpg\" alt=\"\" title=\"Westerwald unbekannt Deckelkrug Trompeter mit Pferd 3\" width=\"180\" height=\"300\" class=\"alignnone size-medium wp-image-47984\" srcset=\"https:\/\/museumek.eu\/wp-content\/uploads\/2013\/05\/Westerwald-unbekannt-Deckelkrug-Trompeter-mit-Pferd-3-180x300.jpg 180w, https:\/\/museumek.eu\/wp-content\/uploads\/2013\/05\/Westerwald-unbekannt-Deckelkrug-Trompeter-mit-Pferd-3-90x150.jpg 90w\" sizes=\"(max-width: 180px) 100vw, 180px\" \/><\/a><\/p>\n<p><a href=\"http:\/\/museumek.eu\/?attachment_id=47985\" rel=\"attachment wp-att-47985\"><img loading=\"lazy\" src=\"http:\/\/museumek.eu\/wp-content\/uploads\/2013\/05\/Westerwald-unbekannt-Deckelkrug-Trompeter-mit-Pferd-4-135x300.jpg\" alt=\"\" title=\"Westerwald unbekannt Deckelkrug Trompeter mit Pferd 4\" width=\"135\" height=\"300\" class=\"alignnone size-medium wp-image-47985\" srcset=\"https:\/\/museumek.eu\/wp-content\/uploads\/2013\/05\/Westerwald-unbekannt-Deckelkrug-Trompeter-mit-Pferd-4-135x300.jpg 135w, https:\/\/museumek.eu\/wp-content\/uploads\/2013\/05\/Westerwald-unbekannt-Deckelkrug-Trompeter-mit-Pferd-4-67x150.jpg 67w, https:\/\/museumek.eu\/wp-content\/uploads\/2013\/05\/Westerwald-unbekannt-Deckelkrug-Trompeter-mit-Pferd-4.jpg 289w\" sizes=\"(max-width: 135px) 100vw, 135px\" \/><\/a><\/p>\n<p><a href=\"http:\/\/museumek.eu\/?attachment_id=47988\" rel=\"attachment wp-att-47988\"><img loading=\"lazy\" src=\"http:\/\/museumek.eu\/wp-content\/uploads\/2013\/05\/Westerwald-unbekannt-Deckelkrug-Trompeter-mit-Pferd-5-220x300.jpg\" alt=\"\" title=\"Westerwald unbekannt Deckelkrug Trompeter mit Pferd 5\" width=\"220\" height=\"300\" class=\"alignnone size-medium wp-image-47988\" srcset=\"https:\/\/museumek.eu\/wp-content\/uploads\/2013\/05\/Westerwald-unbekannt-Deckelkrug-Trompeter-mit-Pferd-5-220x300.jpg 220w, https:\/\/museumek.eu\/wp-content\/uploads\/2013\/05\/Westerwald-unbekannt-Deckelkrug-Trompeter-mit-Pferd-5-110x150.jpg 110w, https:\/\/museumek.eu\/wp-content\/uploads\/2013\/05\/Westerwald-unbekannt-Deckelkrug-Trompeter-mit-Pferd-5.jpg 470w\" sizes=\"(max-width: 220px) 100vw, 220px\" \/><\/a><\/p>\n<p><a href=\"http:\/\/museumek.eu\/?attachment_id=47989\" rel=\"attachment wp-att-47989\"><img loading=\"lazy\" src=\"http:\/\/museumek.eu\/wp-content\/uploads\/2013\/05\/Westerwald-unbekannt-Deckelkrug-Trompeter-mit-Pferd-6-258x300.jpg\" alt=\"\" title=\"Westerwald unbekannt Deckelkrug Trompeter mit Pferd 6\" width=\"258\" height=\"300\" class=\"alignnone size-medium wp-image-47989\" srcset=\"https:\/\/museumek.eu\/wp-content\/uploads\/2013\/05\/Westerwald-unbekannt-Deckelkrug-Trompeter-mit-Pferd-6-258x300.jpg 258w, https:\/\/museumek.eu\/wp-content\/uploads\/2013\/05\/Westerwald-unbekannt-Deckelkrug-Trompeter-mit-Pferd-6-129x150.jpg 129w, https:\/\/museumek.eu\/wp-content\/uploads\/2013\/05\/Westerwald-unbekannt-Deckelkrug-Trompeter-mit-Pferd-6.jpg 480w\" sizes=\"(max-width: 258px) 100vw, 258px\" \/><\/a><\/p>\n<p><a href=\"http:\/\/museumek.eu\/?attachment_id=47990\" rel=\"attachment wp-att-47990\"><img loading=\"lazy\" src=\"http:\/\/museumek.eu\/wp-content\/uploads\/2013\/05\/Westerwald-unbekannt-Deckelkrug-Trompeter-mit-Pferd-7-300x274.jpg\" alt=\"\" title=\"Westerwald unbekannt Deckelkrug Trompeter mit Pferd 7\" width=\"300\" height=\"274\" class=\"alignnone size-medium wp-image-47990\" srcset=\"https:\/\/museumek.eu\/wp-content\/uploads\/2013\/05\/Westerwald-unbekannt-Deckelkrug-Trompeter-mit-Pferd-7-300x274.jpg 300w, https:\/\/museumek.eu\/wp-content\/uploads\/2013\/05\/Westerwald-unbekannt-Deckelkrug-Trompeter-mit-Pferd-7-150x137.jpg 150w, https:\/\/museumek.eu\/wp-content\/uploads\/2013\/05\/Westerwald-unbekannt-Deckelkrug-Trompeter-mit-Pferd-7-328x300.jpg 328w, https:\/\/museumek.eu\/wp-content\/uploads\/2013\/05\/Westerwald-unbekannt-Deckelkrug-Trompeter-mit-Pferd-7.jpg 525w\" sizes=\"(max-width: 300px) 100vw, 300px\" \/><\/a><\/p>\n","protected":false},"excerpt":{"rendered":"<p>Abteilung Deutschland, Keramik 1860 \u2013 1960, Inventarnummer D\/LXXXII\/42 Westerw\u00e4lder Steinzeug ohne Fabrikzuordnung, Deutschland, Westerwald, um 1900, Krug, K\u00fcnstler unbekannt, Werks.-Nr. ohne, Exemplar Nr. ohne, gemarkt keine Fabrikmarke aber 1 L \u00fcber Eichstrich sowie 10 und 1 gepresst, nicht signiert, H\u00f6he &hellip; <a href=\"https:\/\/museumek.eu\/?page_id=47997\">Weiterlesen <span class=\"meta-nav\">&rarr;<\/span><\/a><\/p>\n","protected":false},"author":1,"featured_media":0,"parent":47951,"menu_order":42,"comment_status":"closed","ping_status":"open","template":"","meta":[],"_links":{"self":[{"href":"https:\/\/museumek.eu\/index.php?rest_route=\/wp\/v2\/pages\/47997"}],"collection":[{"href":"https:\/\/museumek.eu\/index.php?rest_route=\/wp\/v2\/pages"}],"about":[{"href":"https:\/\/museumek.eu\/index.php?rest_route=\/wp\/v2\/types\/page"}],"author":[{"embeddable":true,"href":"https:\/\/museumek.eu\/index.php?rest_route=\/wp\/v2\/users\/1"}],"replies":[{"embeddable":true,"href":"https:\/\/museumek.eu\/index.php?rest_route=%2Fwp%2Fv2%2Fcomments&post=47997"}],"version-history":[{"count":2,"href":"https:\/\/museumek.eu\/index.php?rest_route=\/wp\/v2\/pages\/47997\/revisions"}],"predecessor-version":[{"id":47999,"href":"https:\/\/museumek.eu\/index.php?rest_route=\/wp\/v2\/pages\/47997\/revisions\/47999"}],"up":[{"embeddable":true,"href":"https:\/\/museumek.eu\/index.php?rest_route=\/wp\/v2\/pages\/47951"}],"wp:attachment":[{"href":"https:\/\/museumek.eu\/index.php?rest_route=%2Fwp%2Fv2%2Fmedia&parent=47997"}],"curies":[{"name":"wp","href":"https:\/\/api.w.org\/{rel}","templated":true}]}}