{"id":48325,"date":"2020-08-01T21:25:05","date_gmt":"2020-08-01T19:25:05","guid":{"rendered":"http:\/\/museumek.eu\/?page_id=48325"},"modified":"2020-08-01T21:25:05","modified_gmt":"2020-08-01T19:25:05","slug":"dlxxxii52","status":"publish","type":"page","link":"https:\/\/museumek.eu\/?page_id=48325","title":{"rendered":"D\/LXXXII\/52"},"content":{"rendered":"<p><strong>Abteilung Deutschland, Keramik 1860 \u2013 1960, Inventarnummer D\/LXXXII\/52<\/strong><\/p>\n<p>Westerw\u00e4lder Steinzeug ohne Fabrikzuordnung, Deutschland, Westerwald, um 1900, Krug, K\u00fcnstler unbekannt, Werks.-Nr. ohne, Exemplar Nr. ohne, gemarkt keine Fabrikmarke aber 0,5 L. \u00fcber Eichstrich gepresst, nicht signiert, Deckel mit Keramikeinlage, H\u00f6he 13,8 cm, Breite 13,8 cm <\/p>\n<p><a href=\"http:\/\/museumek.eu\/?attachment_id=48305\" rel=\"attachment wp-att-48305\"><img loading=\"lazy\" src=\"http:\/\/museumek.eu\/wp-content\/uploads\/2020\/08\/Westerwald-unbekannt-Krug-mit-Prosit-im-Deckel-1-166x300.jpg\" alt=\"\" title=\"Westerwald unbekannt Krug mit Prosit im Deckel 1\" width=\"166\" height=\"300\" class=\"alignnone size-medium wp-image-48305\" srcset=\"https:\/\/museumek.eu\/wp-content\/uploads\/2020\/08\/Westerwald-unbekannt-Krug-mit-Prosit-im-Deckel-1-166x300.jpg 166w, https:\/\/museumek.eu\/wp-content\/uploads\/2020\/08\/Westerwald-unbekannt-Krug-mit-Prosit-im-Deckel-1-83x150.jpg 83w, https:\/\/museumek.eu\/wp-content\/uploads\/2020\/08\/Westerwald-unbekannt-Krug-mit-Prosit-im-Deckel-1.jpg 355w\" sizes=\"(max-width: 166px) 100vw, 166px\" \/><\/a><\/p>\n<p><a href=\"http:\/\/museumek.eu\/?attachment_id=48306\" rel=\"attachment wp-att-48306\"><img loading=\"lazy\" src=\"http:\/\/museumek.eu\/wp-content\/uploads\/2020\/08\/Westerwald-unbekannt-Krug-mit-Prosit-im-Deckel-2-202x300.jpg\" alt=\"\" title=\"Westerwald unbekannt Krug mit Prosit im Deckel 2\" width=\"202\" height=\"300\" class=\"alignnone size-medium wp-image-48306\" srcset=\"https:\/\/museumek.eu\/wp-content\/uploads\/2020\/08\/Westerwald-unbekannt-Krug-mit-Prosit-im-Deckel-2-202x300.jpg 202w, https:\/\/museumek.eu\/wp-content\/uploads\/2020\/08\/Westerwald-unbekannt-Krug-mit-Prosit-im-Deckel-2-101x150.jpg 101w, https:\/\/museumek.eu\/wp-content\/uploads\/2020\/08\/Westerwald-unbekannt-Krug-mit-Prosit-im-Deckel-2.jpg 432w\" sizes=\"(max-width: 202px) 100vw, 202px\" \/><\/a><\/p>\n<p><a href=\"http:\/\/museumek.eu\/?attachment_id=48312\" rel=\"attachment wp-att-48312\"><img loading=\"lazy\" src=\"http:\/\/museumek.eu\/wp-content\/uploads\/2013\/05\/Westerwald-unbekannt-Krug-mit-Prosit-im-Deckel-3-202x300.jpg\" alt=\"\" title=\"Westerwald unbekannt Krug mit Prosit im Deckel 3\" width=\"202\" height=\"300\" class=\"alignnone size-medium wp-image-48312\" srcset=\"https:\/\/museumek.eu\/wp-content\/uploads\/2013\/05\/Westerwald-unbekannt-Krug-mit-Prosit-im-Deckel-3-202x300.jpg 202w, https:\/\/museumek.eu\/wp-content\/uploads\/2013\/05\/Westerwald-unbekannt-Krug-mit-Prosit-im-Deckel-3-101x150.jpg 101w, https:\/\/museumek.eu\/wp-content\/uploads\/2013\/05\/Westerwald-unbekannt-Krug-mit-Prosit-im-Deckel-3.jpg 431w\" sizes=\"(max-width: 202px) 100vw, 202px\" \/><\/a><\/p>\n<p><a href=\"http:\/\/museumek.eu\/?attachment_id=48313\" rel=\"attachment wp-att-48313\"><img loading=\"lazy\" src=\"http:\/\/museumek.eu\/wp-content\/uploads\/2013\/05\/Westerwald-unbekannt-Krug-mit-Prosit-im-Deckel-4-157x300.jpg\" alt=\"\" title=\"Westerwald unbekannt Krug mit Prosit im Deckel 4\" width=\"157\" height=\"300\" class=\"alignnone size-medium wp-image-48313\" srcset=\"https:\/\/museumek.eu\/wp-content\/uploads\/2013\/05\/Westerwald-unbekannt-Krug-mit-Prosit-im-Deckel-4-157x300.jpg 157w, https:\/\/museumek.eu\/wp-content\/uploads\/2013\/05\/Westerwald-unbekannt-Krug-mit-Prosit-im-Deckel-4-78x150.jpg 78w\" sizes=\"(max-width: 157px) 100vw, 157px\" \/><\/a><\/p>\n<p><a href=\"http:\/\/museumek.eu\/?attachment_id=48316\" rel=\"attachment wp-att-48316\"><img loading=\"lazy\" src=\"http:\/\/museumek.eu\/wp-content\/uploads\/2013\/05\/Westerwald-unbekannt-Krug-mit-Prosit-im-Deckel-5-157x300.jpg\" alt=\"\" title=\"Westerwald unbekannt Krug mit Prosit im Deckel 5\" width=\"157\" height=\"300\" class=\"alignnone size-medium wp-image-48316\" srcset=\"https:\/\/museumek.eu\/wp-content\/uploads\/2013\/05\/Westerwald-unbekannt-Krug-mit-Prosit-im-Deckel-5-157x300.jpg 157w, https:\/\/museumek.eu\/wp-content\/uploads\/2013\/05\/Westerwald-unbekannt-Krug-mit-Prosit-im-Deckel-5-78x150.jpg 78w, https:\/\/museumek.eu\/wp-content\/uploads\/2013\/05\/Westerwald-unbekannt-Krug-mit-Prosit-im-Deckel-5.jpg 335w\" sizes=\"(max-width: 157px) 100vw, 157px\" \/><\/a><\/p>\n<p><a href=\"http:\/\/museumek.eu\/?attachment_id=48317\" rel=\"attachment wp-att-48317\"><img loading=\"lazy\" src=\"http:\/\/museumek.eu\/wp-content\/uploads\/2013\/05\/Westerwald-unbekannt-Krug-mit-Prosit-im-Deckel-6-300x290.jpg\" alt=\"\" title=\"Westerwald unbekannt Krug mit Prosit im Deckel 6\" width=\"300\" height=\"290\" class=\"alignnone size-medium wp-image-48317\" srcset=\"https:\/\/museumek.eu\/wp-content\/uploads\/2013\/05\/Westerwald-unbekannt-Krug-mit-Prosit-im-Deckel-6-300x290.jpg 300w, https:\/\/museumek.eu\/wp-content\/uploads\/2013\/05\/Westerwald-unbekannt-Krug-mit-Prosit-im-Deckel-6-150x145.jpg 150w, https:\/\/museumek.eu\/wp-content\/uploads\/2013\/05\/Westerwald-unbekannt-Krug-mit-Prosit-im-Deckel-6-309x300.jpg 309w, https:\/\/museumek.eu\/wp-content\/uploads\/2013\/05\/Westerwald-unbekannt-Krug-mit-Prosit-im-Deckel-6.jpg 495w\" sizes=\"(max-width: 300px) 100vw, 300px\" \/><\/a><\/p>\n<p><a href=\"http:\/\/museumek.eu\/?attachment_id=48318\" rel=\"attachment wp-att-48318\"><img loading=\"lazy\" src=\"http:\/\/museumek.eu\/wp-content\/uploads\/2013\/05\/Westerwald-unbekannt-Krug-mit-Prosit-im-Deckel-7-127x300.jpg\" alt=\"\" title=\"Westerwald unbekannt Krug mit Prosit im Deckel 7\" width=\"127\" height=\"300\" class=\"alignnone size-medium wp-image-48318\" srcset=\"https:\/\/museumek.eu\/wp-content\/uploads\/2013\/05\/Westerwald-unbekannt-Krug-mit-Prosit-im-Deckel-7-127x300.jpg 127w, https:\/\/museumek.eu\/wp-content\/uploads\/2013\/05\/Westerwald-unbekannt-Krug-mit-Prosit-im-Deckel-7-63x150.jpg 63w, https:\/\/museumek.eu\/wp-content\/uploads\/2013\/05\/Westerwald-unbekannt-Krug-mit-Prosit-im-Deckel-7.jpg 271w\" sizes=\"(max-width: 127px) 100vw, 127px\" \/><\/a><\/p>\n<p><a href=\"http:\/\/museumek.eu\/?attachment_id=48321\" rel=\"attachment wp-att-48321\"><img loading=\"lazy\" src=\"http:\/\/museumek.eu\/wp-content\/uploads\/2013\/05\/Westerwald-unbekannt-Krug-mit-Prosit-im-Deckel-8-236x300.jpg\" alt=\"\" title=\"Westerwald unbekannt Krug mit Prosit im Deckel 8\" width=\"236\" height=\"300\" class=\"alignnone size-medium wp-image-48321\" srcset=\"https:\/\/museumek.eu\/wp-content\/uploads\/2013\/05\/Westerwald-unbekannt-Krug-mit-Prosit-im-Deckel-8-236x300.jpg 236w, https:\/\/museumek.eu\/wp-content\/uploads\/2013\/05\/Westerwald-unbekannt-Krug-mit-Prosit-im-Deckel-8-118x150.jpg 118w, https:\/\/museumek.eu\/wp-content\/uploads\/2013\/05\/Westerwald-unbekannt-Krug-mit-Prosit-im-Deckel-8.jpg 480w\" sizes=\"(max-width: 236px) 100vw, 236px\" \/><\/a><\/p>\n<p><a href=\"http:\/\/museumek.eu\/?attachment_id=48322\" rel=\"attachment wp-att-48322\"><img loading=\"lazy\" src=\"http:\/\/museumek.eu\/wp-content\/uploads\/2013\/05\/Westerwald-unbekannt-Krug-mit-Prosit-im-Deckel-9-300x202.jpg\" alt=\"\" title=\"Westerwald unbekannt Krug mit Prosit im Deckel 9\" width=\"300\" height=\"202\" class=\"alignnone size-medium wp-image-48322\" srcset=\"https:\/\/museumek.eu\/wp-content\/uploads\/2013\/05\/Westerwald-unbekannt-Krug-mit-Prosit-im-Deckel-9-300x202.jpg 300w, https:\/\/museumek.eu\/wp-content\/uploads\/2013\/05\/Westerwald-unbekannt-Krug-mit-Prosit-im-Deckel-9-150x101.jpg 150w, https:\/\/museumek.eu\/wp-content\/uploads\/2013\/05\/Westerwald-unbekannt-Krug-mit-Prosit-im-Deckel-9-444x300.jpg 444w, https:\/\/museumek.eu\/wp-content\/uploads\/2013\/05\/Westerwald-unbekannt-Krug-mit-Prosit-im-Deckel-9.jpg 640w\" sizes=\"(max-width: 300px) 100vw, 300px\" \/><\/a><\/p>\n","protected":false},"excerpt":{"rendered":"<p>Abteilung Deutschland, Keramik 1860 \u2013 1960, Inventarnummer D\/LXXXII\/52 Westerw\u00e4lder Steinzeug ohne Fabrikzuordnung, Deutschland, Westerwald, um 1900, Krug, K\u00fcnstler unbekannt, Werks.-Nr. ohne, Exemplar Nr. ohne, gemarkt keine Fabrikmarke aber 0,5 L. \u00fcber Eichstrich gepresst, nicht signiert, Deckel mit Keramikeinlage, H\u00f6he 13,8 &hellip; <a href=\"https:\/\/museumek.eu\/?page_id=48325\">Weiterlesen <span class=\"meta-nav\">&rarr;<\/span><\/a><\/p>\n","protected":false},"author":1,"featured_media":0,"parent":48279,"menu_order":52,"comment_status":"closed","ping_status":"open","template":"","meta":[],"_links":{"self":[{"href":"https:\/\/museumek.eu\/index.php?rest_route=\/wp\/v2\/pages\/48325"}],"collection":[{"href":"https:\/\/museumek.eu\/index.php?rest_route=\/wp\/v2\/pages"}],"about":[{"href":"https:\/\/museumek.eu\/index.php?rest_route=\/wp\/v2\/types\/page"}],"author":[{"embeddable":true,"href":"https:\/\/museumek.eu\/index.php?rest_route=\/wp\/v2\/users\/1"}],"replies":[{"embeddable":true,"href":"https:\/\/museumek.eu\/index.php?rest_route=%2Fwp%2Fv2%2Fcomments&post=48325"}],"version-history":[{"count":2,"href":"https:\/\/museumek.eu\/index.php?rest_route=\/wp\/v2\/pages\/48325\/revisions"}],"predecessor-version":[{"id":48327,"href":"https:\/\/museumek.eu\/index.php?rest_route=\/wp\/v2\/pages\/48325\/revisions\/48327"}],"up":[{"embeddable":true,"href":"https:\/\/museumek.eu\/index.php?rest_route=\/wp\/v2\/pages\/48279"}],"wp:attachment":[{"href":"https:\/\/museumek.eu\/index.php?rest_route=%2Fwp%2Fv2%2Fmedia&parent=48325"}],"curies":[{"name":"wp","href":"https:\/\/api.w.org\/{rel}","templated":true}]}}