{"id":49499,"date":"2020-09-18T20:36:12","date_gmt":"2020-09-18T18:36:12","guid":{"rendered":"http:\/\/museumek.eu\/?page_id=49499"},"modified":"2021-01-13T11:16:16","modified_gmt":"2021-01-13T10:16:16","slug":"fotos-und-beschreibung","status":"publish","type":"page","link":"https:\/\/museumek.eu\/?page_id=49499","title":{"rendered":"Fotos und Beschreibung"},"content":{"rendered":"<p><strong>Abteilung Deutschland, Keramik 1860 \u2013 1960, Inventarnummer D\/CLXI\/1<\/strong><\/p>\n<p>Porzellanfabrik und -malerei Greiner und Herda, Deutschland, Oberkotzau, um 1924, Krug, K\u00fcnstler unbekannt, Werks.-Nr. ohne, Exemplar Nr. ohne, gemarkt \u00fcber einem Wappen Oberkotzau, im unteren Teil des Wappens Greiner Herda, gr\u00fcner Stempel, nicht signiert, Literatur: Dieter Z\u00fchlsdorff, Markenlexikon Band 1, Porzellan und Keramik Report 1885 &#8211; 1935, Seite 295, Marke Werkteil-Nummer 1, Gruppen-Nummer 5. fortlaufende Nummer innerhalb der Gruppe 247 identische Marke (dort f\u00fcr die Zeit um 1924 eingeordnet) sowie Seite 579, kurze Beschreibung der Fabrik, weitere Literatur: Robert E. R\u00f6ntgen, Deutsche Porzellanmarken von 1710 bis heute, Seite 266, Marke Nr. 2065 identisch (dort f\u00fcr die Zeit von 1924 bis 1943 eingeordnet, was aber wahrscheinlich nicht richtig ist, da der Nachfolger Neurer eine eigene Marke verwendete), 1886 gr\u00fcndeten Gustav Greiner und Ernst Herda in Oberkotzau eine Porzellanmalerei, ab 1907 wird auch eigenes Porzellan produziert, ab 1910 Inhaber Gustav Greiner und Carl Herda, ab ca. 1930 ist Hans Neurer Inhaber, Firmierung ab da Porzellanfabrik Neurer, sp\u00e4ter Firmierung Porzellanindustrie Neurer und zuletzt Elektroporzellanfabrik Hans Neurer, 1943 erlischt die Firma,<br \/>\nH\u00f6he 11,4 cm, Breite 13,5 cm<\/p>\n<p><a href=\"http:\/\/museumek.eu\/?attachment_id=49501\" rel=\"attachment wp-att-49501\"><img loading=\"lazy\" src=\"http:\/\/museumek.eu\/wp-content\/uploads\/2020\/09\/Greiner-Herda-Krug-1-253x300.jpg\" alt=\"\" title=\"Greiner &amp; Herda Krug 1\" width=\"253\" height=\"300\" class=\"alignnone size-medium wp-image-49501\" srcset=\"https:\/\/museumek.eu\/wp-content\/uploads\/2020\/09\/Greiner-Herda-Krug-1-253x300.jpg 253w, https:\/\/museumek.eu\/wp-content\/uploads\/2020\/09\/Greiner-Herda-Krug-1-126x150.jpg 126w, https:\/\/museumek.eu\/wp-content\/uploads\/2020\/09\/Greiner-Herda-Krug-1.jpg 480w\" sizes=\"(max-width: 253px) 100vw, 253px\" \/><\/a><\/p>\n<p><a href=\"http:\/\/museumek.eu\/?attachment_id=49502\" rel=\"attachment wp-att-49502\"><img loading=\"lazy\" src=\"http:\/\/museumek.eu\/wp-content\/uploads\/2020\/09\/Greiner-Herda-Krug-2-300x279.jpg\" alt=\"\" title=\"Greiner &amp; Herda Krug 2\" width=\"300\" height=\"279\" class=\"alignnone size-medium wp-image-49502\" srcset=\"https:\/\/museumek.eu\/wp-content\/uploads\/2020\/09\/Greiner-Herda-Krug-2-300x279.jpg 300w, https:\/\/museumek.eu\/wp-content\/uploads\/2020\/09\/Greiner-Herda-Krug-2-150x139.jpg 150w, https:\/\/museumek.eu\/wp-content\/uploads\/2020\/09\/Greiner-Herda-Krug-2-321x300.jpg 321w, https:\/\/museumek.eu\/wp-content\/uploads\/2020\/09\/Greiner-Herda-Krug-2.jpg 515w\" sizes=\"(max-width: 300px) 100vw, 300px\" \/><\/a><\/p>\n<p><a href=\"http:\/\/museumek.eu\/?attachment_id=49503\" rel=\"attachment wp-att-49503\"><img loading=\"lazy\" src=\"http:\/\/museumek.eu\/wp-content\/uploads\/2020\/09\/Greiner-Herda-Krug-3-300x285.jpg\" alt=\"\" title=\"Greiner &amp; Herda Krug 3\" width=\"300\" height=\"285\" class=\"alignnone size-medium wp-image-49503\" srcset=\"https:\/\/museumek.eu\/wp-content\/uploads\/2020\/09\/Greiner-Herda-Krug-3-300x285.jpg 300w, https:\/\/museumek.eu\/wp-content\/uploads\/2020\/09\/Greiner-Herda-Krug-3-150x142.jpg 150w, https:\/\/museumek.eu\/wp-content\/uploads\/2020\/09\/Greiner-Herda-Krug-3-315x300.jpg 315w, https:\/\/museumek.eu\/wp-content\/uploads\/2020\/09\/Greiner-Herda-Krug-3.jpg 505w\" sizes=\"(max-width: 300px) 100vw, 300px\" \/><\/a><\/p>\n<p><a href=\"http:\/\/museumek.eu\/?attachment_id=49504\" rel=\"attachment wp-att-49504\"><img loading=\"lazy\" src=\"http:\/\/museumek.eu\/wp-content\/uploads\/2020\/09\/Greiner-Herda-Krug-4-263x300.jpg\" alt=\"\" title=\"Greiner &amp; Herda Krug 4\" width=\"263\" height=\"300\" class=\"alignnone size-medium wp-image-49504\" srcset=\"https:\/\/museumek.eu\/wp-content\/uploads\/2020\/09\/Greiner-Herda-Krug-4-263x300.jpg 263w, https:\/\/museumek.eu\/wp-content\/uploads\/2020\/09\/Greiner-Herda-Krug-4-131x150.jpg 131w, https:\/\/museumek.eu\/wp-content\/uploads\/2020\/09\/Greiner-Herda-Krug-4.jpg 480w\" sizes=\"(max-width: 263px) 100vw, 263px\" \/><\/a><\/p>\n<p><a href=\"http:\/\/museumek.eu\/?attachment_id=49505\" rel=\"attachment wp-att-49505\"><img loading=\"lazy\" src=\"http:\/\/museumek.eu\/wp-content\/uploads\/2020\/09\/Greiner-Herda-Krug-5-244x300.jpg\" alt=\"\" title=\"Greiner &amp; Herda Krug 5\" width=\"244\" height=\"300\" class=\"alignnone size-medium wp-image-49505\" srcset=\"https:\/\/museumek.eu\/wp-content\/uploads\/2020\/09\/Greiner-Herda-Krug-5-244x300.jpg 244w, https:\/\/museumek.eu\/wp-content\/uploads\/2020\/09\/Greiner-Herda-Krug-5-122x150.jpg 122w, https:\/\/museumek.eu\/wp-content\/uploads\/2020\/09\/Greiner-Herda-Krug-5.jpg 480w\" sizes=\"(max-width: 244px) 100vw, 244px\" \/><\/a><\/p>\n<p><a href=\"http:\/\/museumek.eu\/?attachment_id=49506\" rel=\"attachment wp-att-49506\"><img loading=\"lazy\" src=\"http:\/\/museumek.eu\/wp-content\/uploads\/2020\/09\/Greiner-Herda-Krug-6-276x300.jpg\" alt=\"\" title=\"Greiner &amp; Herda Krug 6\" width=\"276\" height=\"300\" class=\"alignnone size-medium wp-image-49506\" srcset=\"https:\/\/museumek.eu\/wp-content\/uploads\/2020\/09\/Greiner-Herda-Krug-6-276x300.jpg 276w, https:\/\/museumek.eu\/wp-content\/uploads\/2020\/09\/Greiner-Herda-Krug-6-138x150.jpg 138w, https:\/\/museumek.eu\/wp-content\/uploads\/2020\/09\/Greiner-Herda-Krug-6.jpg 480w\" sizes=\"(max-width: 276px) 100vw, 276px\" \/><\/a><\/p>\n","protected":false},"excerpt":{"rendered":"<p>Abteilung Deutschland, Keramik 1860 \u2013 1960, Inventarnummer D\/CLXI\/1 Porzellanfabrik und -malerei Greiner und Herda, Deutschland, Oberkotzau, um 1924, Krug, K\u00fcnstler unbekannt, Werks.-Nr. ohne, Exemplar Nr. ohne, gemarkt \u00fcber einem Wappen Oberkotzau, im unteren Teil des Wappens Greiner Herda, gr\u00fcner Stempel, &hellip; <a href=\"https:\/\/museumek.eu\/?page_id=49499\">Weiterlesen <span class=\"meta-nav\">&rarr;<\/span><\/a><\/p>\n","protected":false},"author":1,"featured_media":0,"parent":49496,"menu_order":0,"comment_status":"closed","ping_status":"open","template":"","meta":[],"_links":{"self":[{"href":"https:\/\/museumek.eu\/index.php?rest_route=\/wp\/v2\/pages\/49499"}],"collection":[{"href":"https:\/\/museumek.eu\/index.php?rest_route=\/wp\/v2\/pages"}],"about":[{"href":"https:\/\/museumek.eu\/index.php?rest_route=\/wp\/v2\/types\/page"}],"author":[{"embeddable":true,"href":"https:\/\/museumek.eu\/index.php?rest_route=\/wp\/v2\/users\/1"}],"replies":[{"embeddable":true,"href":"https:\/\/museumek.eu\/index.php?rest_route=%2Fwp%2Fv2%2Fcomments&post=49499"}],"version-history":[{"count":12,"href":"https:\/\/museumek.eu\/index.php?rest_route=\/wp\/v2\/pages\/49499\/revisions"}],"predecessor-version":[{"id":52042,"href":"https:\/\/museumek.eu\/index.php?rest_route=\/wp\/v2\/pages\/49499\/revisions\/52042"}],"up":[{"embeddable":true,"href":"https:\/\/museumek.eu\/index.php?rest_route=\/wp\/v2\/pages\/49496"}],"wp:attachment":[{"href":"https:\/\/museumek.eu\/index.php?rest_route=%2Fwp%2Fv2%2Fmedia&parent=49499"}],"curies":[{"name":"wp","href":"https:\/\/api.w.org\/{rel}","templated":true}]}}