{"id":50555,"date":"2020-11-01T13:42:54","date_gmt":"2020-11-01T12:42:54","guid":{"rendered":"http:\/\/museumek.eu\/?page_id=50555"},"modified":"2020-11-01T13:42:54","modified_gmt":"2020-11-01T12:42:54","slug":"dxlviii18","status":"publish","type":"page","link":"https:\/\/museumek.eu\/?page_id=50555","title":{"rendered":"D\/XLVIII\/18"},"content":{"rendered":"<p><strong>Abteilung Deutschland, Keramik 1860 \u2013 1960, Inventarnummer D\/XLVIII\/18<\/strong><\/p>\n<p>Albert Jacob Thewalt, Fabrik fein verzierter Steinzeugwaren, Deutschland, H\u00f6hr, um 1900, Krug, K\u00fcnstler unbekannt, Werks.-Nr. ohne, Exemplar Nr. ohne, gemarkt Fabrikmarke mit AJT als flie\u00dfend verschn\u00f6rkelnd in einander \u00fcbergehende Buchstaben (diese Marke ist \u00e4u\u00dferst selten zu finden, evtl. entwarf A. J. Thewalt die Motive dieses Kruges selbst, deshalb eine personalisierte Marke aber das ist nur eine Vermutung) sowie 0,5 L. \u00fcber Eichstrich gepresst, nicht signiert, der zweite Sohn von Johann Peter Thewalt jr., Albert Jacob Thewalt (1857 \u2013 1939) gr\u00fcndete 1882 zusammen mit seinem Schwager Jean Paulus die keramische Fabrik Paulus und Thewalt, trennt sich dann von Jean Paulus und gr\u00fcndet 1894 seine eigene Fabrik, die als Albert Jacob Thewalt, Fabrik fein verzierter Steinzeugwaren firmiert, nach Albert Jacobs\u2019s Tod f\u00fchren sein Sohn Albert Johann Thewalt und danach sein Enkel Albert Jakob Thewalt die Fabrik fort, H\u00f6he 12,5 cm, Breite 13,3 cm (nur die Keramik)<\/p>\n<p><a href=\"http:\/\/museumek.eu\/?attachment_id=36720\" rel=\"attachment wp-att-36720\"><img loading=\"lazy\" src=\"http:\/\/museumek.eu\/wp-content\/uploads\/2015\/02\/2593-150x300.jpg\" alt=\"\" title=\"2593\" width=\"150\" height=\"300\" class=\"alignnone size-medium wp-image-36720\" srcset=\"https:\/\/museumek.eu\/wp-content\/uploads\/2015\/02\/2593-150x300.jpg 150w, https:\/\/museumek.eu\/wp-content\/uploads\/2015\/02\/2593-75x150.jpg 75w, https:\/\/museumek.eu\/wp-content\/uploads\/2015\/02\/2593.jpg 400w\" sizes=\"(max-width: 150px) 100vw, 150px\" \/><\/a><\/p>\n<p><a href=\"http:\/\/museumek.eu\/?attachment_id=36721\" rel=\"attachment wp-att-36721\"><img loading=\"lazy\" src=\"http:\/\/museumek.eu\/wp-content\/uploads\/2015\/02\/2594-171x300.jpg\" alt=\"\" title=\"2594\" width=\"171\" height=\"300\" class=\"alignnone size-medium wp-image-36721\" srcset=\"https:\/\/museumek.eu\/wp-content\/uploads\/2015\/02\/2594-171x300.jpg 171w, https:\/\/museumek.eu\/wp-content\/uploads\/2015\/02\/2594-85x150.jpg 85w, https:\/\/museumek.eu\/wp-content\/uploads\/2015\/02\/2594.jpg 458w\" sizes=\"(max-width: 171px) 100vw, 171px\" \/><\/a><\/p>\n<p><a href=\"http:\/\/museumek.eu\/?attachment_id=36722\" rel=\"attachment wp-att-36722\"><img loading=\"lazy\" src=\"http:\/\/museumek.eu\/wp-content\/uploads\/2015\/02\/2595-198x300.jpg\" alt=\"\" title=\"2595\" width=\"198\" height=\"300\" class=\"alignnone size-medium wp-image-36722\" srcset=\"https:\/\/museumek.eu\/wp-content\/uploads\/2015\/02\/2595-198x300.jpg 198w, https:\/\/museumek.eu\/wp-content\/uploads\/2015\/02\/2595-99x150.jpg 99w, https:\/\/museumek.eu\/wp-content\/uploads\/2015\/02\/2595.jpg 529w\" sizes=\"(max-width: 198px) 100vw, 198px\" \/><\/a><\/p>\n<p><a href=\"http:\/\/museumek.eu\/?attachment_id=36723\" rel=\"attachment wp-att-36723\"><img loading=\"lazy\" src=\"http:\/\/museumek.eu\/wp-content\/uploads\/2015\/02\/2596-195x300.jpg\" alt=\"\" title=\"2596\" width=\"195\" height=\"300\" class=\"alignnone size-medium wp-image-36723\" srcset=\"https:\/\/museumek.eu\/wp-content\/uploads\/2015\/02\/2596-195x300.jpg 195w, https:\/\/museumek.eu\/wp-content\/uploads\/2015\/02\/2596-97x150.jpg 97w, https:\/\/museumek.eu\/wp-content\/uploads\/2015\/02\/2596.jpg 520w\" sizes=\"(max-width: 195px) 100vw, 195px\" \/><\/a><\/p>\n<p><a href=\"http:\/\/museumek.eu\/?attachment_id=36724\" rel=\"attachment wp-att-36724\"><img loading=\"lazy\" src=\"http:\/\/museumek.eu\/wp-content\/uploads\/2015\/02\/2597-140x300.jpg\" alt=\"\" title=\"2597\" width=\"140\" height=\"300\" class=\"alignnone size-medium wp-image-36724\" srcset=\"https:\/\/museumek.eu\/wp-content\/uploads\/2015\/02\/2597-140x300.jpg 140w, https:\/\/museumek.eu\/wp-content\/uploads\/2015\/02\/2597-70x150.jpg 70w, https:\/\/museumek.eu\/wp-content\/uploads\/2015\/02\/2597.jpg 375w\" sizes=\"(max-width: 140px) 100vw, 140px\" \/><\/a><\/p>\n<p><a href=\"http:\/\/museumek.eu\/?attachment_id=36725\" rel=\"attachment wp-att-36725\"><img loading=\"lazy\" src=\"http:\/\/museumek.eu\/wp-content\/uploads\/2015\/02\/2598-132x300.jpg\" alt=\"\" title=\"2598\" width=\"132\" height=\"300\" class=\"alignnone size-medium wp-image-36725\" srcset=\"https:\/\/museumek.eu\/wp-content\/uploads\/2015\/02\/2598-132x300.jpg 132w, https:\/\/museumek.eu\/wp-content\/uploads\/2015\/02\/2598-66x150.jpg 66w\" sizes=\"(max-width: 132px) 100vw, 132px\" \/><\/a><\/p>\n<p><a href=\"http:\/\/museumek.eu\/?attachment_id=36726\" rel=\"attachment wp-att-36726\"><img loading=\"lazy\" src=\"http:\/\/museumek.eu\/wp-content\/uploads\/2015\/02\/2599-300x201.jpg\" alt=\"\" title=\"2599\" width=\"300\" height=\"201\" class=\"alignnone size-medium wp-image-36726\" srcset=\"https:\/\/museumek.eu\/wp-content\/uploads\/2015\/02\/2599-300x201.jpg 300w, https:\/\/museumek.eu\/wp-content\/uploads\/2015\/02\/2599-150x100.jpg 150w, https:\/\/museumek.eu\/wp-content\/uploads\/2015\/02\/2599-447x300.jpg 447w, https:\/\/museumek.eu\/wp-content\/uploads\/2015\/02\/2599.jpg 787w\" sizes=\"(max-width: 300px) 100vw, 300px\" \/><\/a><\/p>\n","protected":false},"excerpt":{"rendered":"<p>Abteilung Deutschland, Keramik 1860 \u2013 1960, Inventarnummer D\/XLVIII\/18 Albert Jacob Thewalt, Fabrik fein verzierter Steinzeugwaren, Deutschland, H\u00f6hr, um 1900, Krug, K\u00fcnstler unbekannt, Werks.-Nr. ohne, Exemplar Nr. ohne, gemarkt Fabrikmarke mit AJT als flie\u00dfend verschn\u00f6rkelnd in einander \u00fcbergehende Buchstaben (diese Marke &hellip; <a href=\"https:\/\/museumek.eu\/?page_id=50555\">Weiterlesen <span class=\"meta-nav\">&rarr;<\/span><\/a><\/p>\n","protected":false},"author":1,"featured_media":0,"parent":32687,"menu_order":18,"comment_status":"closed","ping_status":"open","template":"","meta":[],"_links":{"self":[{"href":"https:\/\/museumek.eu\/index.php?rest_route=\/wp\/v2\/pages\/50555"}],"collection":[{"href":"https:\/\/museumek.eu\/index.php?rest_route=\/wp\/v2\/pages"}],"about":[{"href":"https:\/\/museumek.eu\/index.php?rest_route=\/wp\/v2\/types\/page"}],"author":[{"embeddable":true,"href":"https:\/\/museumek.eu\/index.php?rest_route=\/wp\/v2\/users\/1"}],"replies":[{"embeddable":true,"href":"https:\/\/museumek.eu\/index.php?rest_route=%2Fwp%2Fv2%2Fcomments&post=50555"}],"version-history":[{"count":2,"href":"https:\/\/museumek.eu\/index.php?rest_route=\/wp\/v2\/pages\/50555\/revisions"}],"predecessor-version":[{"id":50557,"href":"https:\/\/museumek.eu\/index.php?rest_route=\/wp\/v2\/pages\/50555\/revisions\/50557"}],"up":[{"embeddable":true,"href":"https:\/\/museumek.eu\/index.php?rest_route=\/wp\/v2\/pages\/32687"}],"wp:attachment":[{"href":"https:\/\/museumek.eu\/index.php?rest_route=%2Fwp%2Fv2%2Fmedia&parent=50555"}],"curies":[{"name":"wp","href":"https:\/\/api.w.org\/{rel}","templated":true}]}}