{"id":50640,"date":"2020-11-15T12:58:32","date_gmt":"2020-11-15T11:58:32","guid":{"rendered":"http:\/\/museumek.eu\/?page_id=50640"},"modified":"2020-11-15T12:58:32","modified_gmt":"2020-11-15T11:58:32","slug":"dlxxxiii11","status":"publish","type":"page","link":"https:\/\/museumek.eu\/?page_id=50640","title":{"rendered":"D\/LXXXIII\/11"},"content":{"rendered":"<p><strong>Abteilung Deutschland, Keramik 1860 \u2013 1960, Inventarnummer D\/LXXXIII\/\/11<\/strong><\/p>\n<p>D\u00fcmler &#038; Breiden Fabrik reichverzierter, altdeutscher Steinkr\u00fcge, Trinkhumpen, Pokale, Wein- u. Bierkannen etc. sowie Steinwaren in modernem Geschmack in bunter Glasur und bester Ausf\u00fchrung, Deutschland, H\u00f6hr, um 1912, Kanne, K\u00fcnstler Paul D\u00fcmler, Werks.-Nr. 1128, Exemplar Nr. ohne, gemarkt Firmenmarke TS ineinander gesetzt (f\u00fcr Terra sigilata), 1128 sowie 1 1\/2 Ltr. gepresst, nicht signiert, Literatur: J\u00fcrgen Schimanski und J\u00fcrgen Erlebach, Westerw\u00e4lder Steinzeug, Die Neue \u00c4ra, Seite 38, Fabrikbeschreibung sowie Marke Nr. 2 identisch (dort auf dem Kopf stehend), Seite 41, Foto 7, identische Kanne in anderer Gr\u00f6\u00dfe mit Werksnummer 1126, weitere Literatur: J\u00fcrgen Schimanski, Braun geflammt und grau gesalzen, Seite 137, Abbildung Nr. 250, Seidel mit identischem Dekor sowie Seite 196, Fabrikbeschreibung und Marke Nr. 2 identisch (dort f\u00fcr die Zeit ab 1912), die Fabrik wurde 1883\/1884 von Peter D\u00fcmler und seinem sp\u00e4teren Schwager Albert Breiden in H\u00f6hr gegr\u00fcndet, 1907 zum Tode Peter D\u00fcmlers treten seine Witwe Bertha und sein Sohn Paul in die Fabrik ein, Paul wird seit dem WK I vermi\u00dft, um 1913 verkauft Albert Breiden seine Fabrikanteile (an wen konnte nicht recherchiert werden) und um 1918 tritt der Cousin Ernst D\u00fcmler in die Fabrik ein, die o. g. Fabrikbezeichnung wurde von einer Zeitungsanzeige des Jahres 1907 \u00fcbernommen, die Fabrik bestand \u00fcber den WK II hinaus, H\u00f6he 24,6 cm, Breite 16 cm<\/p>\n<p><a href=\"http:\/\/museumek.eu\/?attachment_id=50620\" rel=\"attachment wp-att-50620\"><img loading=\"lazy\" src=\"http:\/\/museumek.eu\/wp-content\/uploads\/2013\/05\/D\u00fcmler-Breiden-Kanne-1-146x300.jpg\" alt=\"\" title=\"D\u00fcmler &amp; Breiden Kanne 1\" width=\"146\" height=\"300\" class=\"alignnone size-medium wp-image-50620\" srcset=\"https:\/\/museumek.eu\/wp-content\/uploads\/2013\/05\/D\u00fcmler-Breiden-Kanne-1-146x300.jpg 146w, https:\/\/museumek.eu\/wp-content\/uploads\/2013\/05\/D\u00fcmler-Breiden-Kanne-1-73x150.jpg 73w, https:\/\/museumek.eu\/wp-content\/uploads\/2013\/05\/D\u00fcmler-Breiden-Kanne-1.jpg 312w\" sizes=\"(max-width: 146px) 100vw, 146px\" \/><\/a><\/p>\n<p><a href=\"http:\/\/museumek.eu\/?attachment_id=50621\" rel=\"attachment wp-att-50621\"><img loading=\"lazy\" src=\"http:\/\/museumek.eu\/wp-content\/uploads\/2013\/05\/D\u00fcmler-Breiden-Kanne-2-160x300.jpg\" alt=\"\" title=\"D\u00fcmler &amp; Breiden Kanne 2\" width=\"160\" height=\"300\" class=\"alignnone size-medium wp-image-50621\" srcset=\"https:\/\/museumek.eu\/wp-content\/uploads\/2013\/05\/D\u00fcmler-Breiden-Kanne-2-160x300.jpg 160w, https:\/\/museumek.eu\/wp-content\/uploads\/2013\/05\/D\u00fcmler-Breiden-Kanne-2-80x150.jpg 80w, https:\/\/museumek.eu\/wp-content\/uploads\/2013\/05\/D\u00fcmler-Breiden-Kanne-2.jpg 343w\" sizes=\"(max-width: 160px) 100vw, 160px\" \/><\/a><\/p>\n<p><a href=\"http:\/\/museumek.eu\/?attachment_id=50622\" rel=\"attachment wp-att-50622\"><img loading=\"lazy\" src=\"http:\/\/museumek.eu\/wp-content\/uploads\/2013\/05\/D\u00fcmler-Breiden-Kanne-3-169x300.jpg\" alt=\"\" title=\"D\u00fcmler &amp; Breiden Kanne 3\" width=\"169\" height=\"300\" class=\"alignnone size-medium wp-image-50622\" srcset=\"https:\/\/museumek.eu\/wp-content\/uploads\/2013\/05\/D\u00fcmler-Breiden-Kanne-3-169x300.jpg 169w, https:\/\/museumek.eu\/wp-content\/uploads\/2013\/05\/D\u00fcmler-Breiden-Kanne-3-84x150.jpg 84w, https:\/\/museumek.eu\/wp-content\/uploads\/2013\/05\/D\u00fcmler-Breiden-Kanne-3.jpg 361w\" sizes=\"(max-width: 169px) 100vw, 169px\" \/><\/a><\/p>\n<p><a href=\"http:\/\/museumek.eu\/?attachment_id=50625\" rel=\"attachment wp-att-50625\"><img loading=\"lazy\" src=\"http:\/\/museumek.eu\/wp-content\/uploads\/2013\/05\/D\u00fcmler-Breiden-Kanne-4-133x300.jpg\" alt=\"\" title=\"D\u00fcmler &amp; Breiden Kanne 4\" width=\"133\" height=\"300\" class=\"alignnone size-medium wp-image-50625\" srcset=\"https:\/\/museumek.eu\/wp-content\/uploads\/2013\/05\/D\u00fcmler-Breiden-Kanne-4-133x300.jpg 133w, https:\/\/museumek.eu\/wp-content\/uploads\/2013\/05\/D\u00fcmler-Breiden-Kanne-4-66x150.jpg 66w, https:\/\/museumek.eu\/wp-content\/uploads\/2013\/05\/D\u00fcmler-Breiden-Kanne-4.jpg 284w\" sizes=\"(max-width: 133px) 100vw, 133px\" \/><\/a><\/p>\n<p><a href=\"http:\/\/museumek.eu\/?attachment_id=50626\" rel=\"attachment wp-att-50626\"><img loading=\"lazy\" src=\"http:\/\/museumek.eu\/wp-content\/uploads\/2013\/05\/D\u00fcmler-Breiden-Kanne-5-117x300.jpg\" alt=\"\" title=\"D\u00fcmler &amp; Breiden Kanne 5\" width=\"117\" height=\"300\" class=\"alignnone size-medium wp-image-50626\" srcset=\"https:\/\/museumek.eu\/wp-content\/uploads\/2013\/05\/D\u00fcmler-Breiden-Kanne-5-117x300.jpg 117w, https:\/\/museumek.eu\/wp-content\/uploads\/2013\/05\/D\u00fcmler-Breiden-Kanne-5-58x150.jpg 58w\" sizes=\"(max-width: 117px) 100vw, 117px\" \/><\/a><\/p>\n<p><a href=\"http:\/\/museumek.eu\/?attachment_id=50627\" rel=\"attachment wp-att-50627\"><img loading=\"lazy\" src=\"http:\/\/museumek.eu\/wp-content\/uploads\/2013\/05\/D\u00fcmler-Breiden-Kanne-6-219x300.jpg\" alt=\"\" title=\"D\u00fcmler &amp; Breiden Kanne 6\" width=\"219\" height=\"300\" class=\"alignnone size-medium wp-image-50627\" srcset=\"https:\/\/museumek.eu\/wp-content\/uploads\/2013\/05\/D\u00fcmler-Breiden-Kanne-6-219x300.jpg 219w, https:\/\/museumek.eu\/wp-content\/uploads\/2013\/05\/D\u00fcmler-Breiden-Kanne-6-109x150.jpg 109w, https:\/\/museumek.eu\/wp-content\/uploads\/2013\/05\/D\u00fcmler-Breiden-Kanne-6.jpg 468w\" sizes=\"(max-width: 219px) 100vw, 219px\" \/><\/a><\/p>\n<p><a href=\"http:\/\/museumek.eu\/?attachment_id=50630\" rel=\"attachment wp-att-50630\"><img loading=\"lazy\" src=\"http:\/\/museumek.eu\/wp-content\/uploads\/2013\/05\/D\u00fcmler-Breiden-Kanne-7-300x285.jpg\" alt=\"\" title=\"D\u00fcmler &amp; Breiden Kanne 7\" width=\"300\" height=\"285\" class=\"alignnone size-medium wp-image-50630\" srcset=\"https:\/\/museumek.eu\/wp-content\/uploads\/2013\/05\/D\u00fcmler-Breiden-Kanne-7-300x285.jpg 300w, https:\/\/museumek.eu\/wp-content\/uploads\/2013\/05\/D\u00fcmler-Breiden-Kanne-7-150x142.jpg 150w, https:\/\/museumek.eu\/wp-content\/uploads\/2013\/05\/D\u00fcmler-Breiden-Kanne-7-315x300.jpg 315w, https:\/\/museumek.eu\/wp-content\/uploads\/2013\/05\/D\u00fcmler-Breiden-Kanne-7.jpg 504w\" sizes=\"(max-width: 300px) 100vw, 300px\" \/><\/a><\/p>\n<p><a href=\"http:\/\/museumek.eu\/?attachment_id=50631\" rel=\"attachment wp-att-50631\"><img loading=\"lazy\" src=\"http:\/\/museumek.eu\/wp-content\/uploads\/2013\/05\/D\u00fcmler-Breiden-Kanne-8-300x259.jpg\" alt=\"\" title=\"D\u00fcmler &amp; Breiden Kanne 8\" width=\"300\" height=\"259\" class=\"alignnone size-medium wp-image-50631\" srcset=\"https:\/\/museumek.eu\/wp-content\/uploads\/2013\/05\/D\u00fcmler-Breiden-Kanne-8-300x259.jpg 300w, https:\/\/museumek.eu\/wp-content\/uploads\/2013\/05\/D\u00fcmler-Breiden-Kanne-8-150x129.jpg 150w, https:\/\/museumek.eu\/wp-content\/uploads\/2013\/05\/D\u00fcmler-Breiden-Kanne-8-346x300.jpg 346w, https:\/\/museumek.eu\/wp-content\/uploads\/2013\/05\/D\u00fcmler-Breiden-Kanne-8.jpg 555w\" sizes=\"(max-width: 300px) 100vw, 300px\" \/><\/a><\/p>\n","protected":false},"excerpt":{"rendered":"<p>Abteilung Deutschland, Keramik 1860 \u2013 1960, Inventarnummer D\/LXXXIII\/\/11 D\u00fcmler &#038; Breiden Fabrik reichverzierter, altdeutscher Steinkr\u00fcge, Trinkhumpen, Pokale, Wein- u. Bierkannen etc. sowie Steinwaren in modernem Geschmack in bunter Glasur und bester Ausf\u00fchrung, Deutschland, H\u00f6hr, um 1912, Kanne, K\u00fcnstler Paul D\u00fcmler, &hellip; <a href=\"https:\/\/museumek.eu\/?page_id=50640\">Weiterlesen <span class=\"meta-nav\">&rarr;<\/span><\/a><\/p>\n","protected":false},"author":1,"featured_media":0,"parent":50638,"menu_order":11,"comment_status":"closed","ping_status":"open","template":"","meta":[],"_links":{"self":[{"href":"https:\/\/museumek.eu\/index.php?rest_route=\/wp\/v2\/pages\/50640"}],"collection":[{"href":"https:\/\/museumek.eu\/index.php?rest_route=\/wp\/v2\/pages"}],"about":[{"href":"https:\/\/museumek.eu\/index.php?rest_route=\/wp\/v2\/types\/page"}],"author":[{"embeddable":true,"href":"https:\/\/museumek.eu\/index.php?rest_route=\/wp\/v2\/users\/1"}],"replies":[{"embeddable":true,"href":"https:\/\/museumek.eu\/index.php?rest_route=%2Fwp%2Fv2%2Fcomments&post=50640"}],"version-history":[{"count":2,"href":"https:\/\/museumek.eu\/index.php?rest_route=\/wp\/v2\/pages\/50640\/revisions"}],"predecessor-version":[{"id":50642,"href":"https:\/\/museumek.eu\/index.php?rest_route=\/wp\/v2\/pages\/50640\/revisions\/50642"}],"up":[{"embeddable":true,"href":"https:\/\/museumek.eu\/index.php?rest_route=\/wp\/v2\/pages\/50638"}],"wp:attachment":[{"href":"https:\/\/museumek.eu\/index.php?rest_route=%2Fwp%2Fv2%2Fmedia&parent=50640"}],"curies":[{"name":"wp","href":"https:\/\/api.w.org\/{rel}","templated":true}]}}