{"id":53152,"date":"2021-02-06T16:55:01","date_gmt":"2021-02-06T15:55:01","guid":{"rendered":"http:\/\/museumek.eu\/?page_id=53152"},"modified":"2021-02-06T17:05:56","modified_gmt":"2021-02-06T16:05:56","slug":"dlvi4","status":"publish","type":"page","link":"https:\/\/museumek.eu\/?page_id=53152","title":{"rendered":"D\/LVI\/4"},"content":{"rendered":"<p><strong>Abteilung Deutschland, Keramik 1860 \u2013 1960, Inventarnummer D\/LVI\/4<\/strong><\/p>\n<p>Porzellanfabrik Stadtlengsfeld AG, vormals Porzellanfabrik Stadtlengsfeld GmbH, vormals Porzellanfabrik Stadtlengsfeld Carl Frisch, vormals Porzellanfabrik Stadtlengsfeld Koch &#038; Schnorr, Deutschland, Stadtlengsfeld, vor\/um 1900, Zierschale, K\u00fcnstler unbekannt, Werks.-Nr. ohne, Exemplar Nr. ohne, gemarkt Firmenmarke EXCELSIOR darunter zwei Schl\u00fcssel (wohl die Stadtschl\u00fcssel) gekreuzt mit Schwert (?), darunter MADE IN GERMANY br\u00e4unlicher Stempel unter Glasur, nicht signiert, Literatur: Robert E. R\u00f6ntgen, Deutsche Porzellanmarken von 1710 bis heute (Ausgabe Jahr 2000), Seite 326, Marke Nr. 2569 identisch (dort angegeben f\u00fcr die Zeit ca. 1894 &#8211; ca. 1908), Literatur: Emanuel Poche, Porzellan-Marken aus aller Welt, Marke Nr. 310 identisch (dort angegeben f\u00fcr die Zeit um 1900), weitere Literatur: Gustav Wei\u00df, Ullstein Porzellanbuch, Seite 306, Marke Nr. 4 identisch, weitere Literatur: Dieter Z\u00fchlsdorff, Markenlexikon Band 1, Porzellan und Keramik Report 1885 &#8211; 1935, Seite 145, Werk-Teil 1., Gruppennummer des Werkteils 2., laufende Nummer innerhalb der Gruppe 597, dort identische Marke (f\u00fcr die Zeit um 1894 bis 1904) sowie Seite 617, Werk-Teil Nr. 3., laufende Nummer des Werkteils 1209, dort kurze unvollst\u00e4ndige Beschreibung der Fabrik, weitere Literatur: Ludwig Danckert, Handbuch des Europ\u00e4ischen Porzellans, 7. Auflage, Seite 669, Marke Nr. 253 identisch (dort beschrieben, dass die Marke am 20.04.1895 beim Landgericht Stadtlengsfeld eingetragen worden ist), die Porzellanfabrik wurde 1889 von Koch und Schnorr gegr\u00fcndet, Firmierung Porzellanfabrik Stadtlengsfeld Koch &#038; Schnorr, 1896 gingen Koch &#038; Schnorr in Konkurs, die Fabrik wurde von Carl Frisch aufgekauft, Firmierung Porzellanfabrik Stadtlengsfeld Carl Frisch, 1901 ging Frisch in Konkurs, 1902 wurde die Fabrik von B\u00fcchner, Seiffert, Reuss und Beckmann, alle 4 wahrscheinlich Einwohner der Stadt, aufgekauft und als GmbH weitergef\u00fchrt, Firmierung Porzellanfabrik Stadtlengsfeld GmbH, 1908\/1909 Umwandlung in eine AG, Firmierung Porzellanfabrik Stadtlengsfeld AG, 1947 erfolgte die Verstaatlichung, Firmierung VEB Porzellan Stadtlengsfeld, dieser Zierteller war sicher f\u00fcr den Export in den Englisch sprachigen Raum gedacht, Durchmesser 21,5 cm<\/p>\n<p><a href=\"http:\/\/museumek.eu\/?attachment_id=53137\" rel=\"attachment wp-att-53137\"><img loading=\"lazy\" src=\"http:\/\/museumek.eu\/wp-content\/uploads\/2012\/09\/Stadtlengsfeld-Teller-1-300x295.jpg\" alt=\"\" title=\"Stadtlengsfeld Teller 1\" width=\"300\" height=\"295\" class=\"alignnone size-medium wp-image-53137\" srcset=\"https:\/\/museumek.eu\/wp-content\/uploads\/2012\/09\/Stadtlengsfeld-Teller-1-300x295.jpg 300w, https:\/\/museumek.eu\/wp-content\/uploads\/2012\/09\/Stadtlengsfeld-Teller-1-150x147.jpg 150w, https:\/\/museumek.eu\/wp-content\/uploads\/2012\/09\/Stadtlengsfeld-Teller-1-304x300.jpg 304w, https:\/\/museumek.eu\/wp-content\/uploads\/2012\/09\/Stadtlengsfeld-Teller-1.jpg 487w\" sizes=\"(max-width: 300px) 100vw, 300px\" \/><\/a><\/p>\n<p><a href=\"http:\/\/museumek.eu\/?attachment_id=53138\" rel=\"attachment wp-att-53138\"><img loading=\"lazy\" src=\"http:\/\/museumek.eu\/wp-content\/uploads\/2012\/09\/Stadtlengsfeld-Teller-2-300x288.jpg\" alt=\"\" title=\"Stadtlengsfeld Teller 2\" width=\"300\" height=\"288\" class=\"alignnone size-medium wp-image-53138\" srcset=\"https:\/\/museumek.eu\/wp-content\/uploads\/2012\/09\/Stadtlengsfeld-Teller-2-300x288.jpg 300w, https:\/\/museumek.eu\/wp-content\/uploads\/2012\/09\/Stadtlengsfeld-Teller-2-150x144.jpg 150w, https:\/\/museumek.eu\/wp-content\/uploads\/2012\/09\/Stadtlengsfeld-Teller-2-312x300.jpg 312w, https:\/\/museumek.eu\/wp-content\/uploads\/2012\/09\/Stadtlengsfeld-Teller-2.jpg 500w\" sizes=\"(max-width: 300px) 100vw, 300px\" \/><\/a><\/p>\n<p><a href=\"http:\/\/museumek.eu\/?attachment_id=53139\" rel=\"attachment wp-att-53139\"><img loading=\"lazy\" src=\"http:\/\/museumek.eu\/wp-content\/uploads\/2012\/09\/Stadtlengsfeld-Teller-3-198x300.jpg\" alt=\"\" title=\"Stadtlengsfeld Teller 3\" width=\"198\" height=\"300\" class=\"alignnone size-medium wp-image-53139\" srcset=\"https:\/\/museumek.eu\/wp-content\/uploads\/2012\/09\/Stadtlengsfeld-Teller-3-198x300.jpg 198w, https:\/\/museumek.eu\/wp-content\/uploads\/2012\/09\/Stadtlengsfeld-Teller-3-99x150.jpg 99w, https:\/\/museumek.eu\/wp-content\/uploads\/2012\/09\/Stadtlengsfeld-Teller-3.jpg 423w\" sizes=\"(max-width: 198px) 100vw, 198px\" \/><\/a><\/p>\n<p><a href=\"http:\/\/museumek.eu\/?attachment_id=53140\" rel=\"attachment wp-att-53140\"><img loading=\"lazy\" src=\"http:\/\/museumek.eu\/wp-content\/uploads\/2012\/09\/Stadtlengsfeld-Teller-4-300x300.jpg\" alt=\"\" title=\"Stadtlengsfeld Teller 4\" width=\"300\" height=\"300\" class=\"alignnone size-medium wp-image-53140\" srcset=\"https:\/\/museumek.eu\/wp-content\/uploads\/2012\/09\/Stadtlengsfeld-Teller-4-300x300.jpg 300w, https:\/\/museumek.eu\/wp-content\/uploads\/2012\/09\/Stadtlengsfeld-Teller-4-150x150.jpg 150w, https:\/\/museumek.eu\/wp-content\/uploads\/2012\/09\/Stadtlengsfeld-Teller-4.jpg 481w\" sizes=\"(max-width: 300px) 100vw, 300px\" \/><\/a><\/p>\n<p><a href=\"http:\/\/museumek.eu\/?attachment_id=53141\" rel=\"attachment wp-att-53141\"><img loading=\"lazy\" src=\"http:\/\/museumek.eu\/wp-content\/uploads\/2012\/09\/Stadtlengsfeld-Teller-5-206x300.jpg\" alt=\"\" title=\"Stadtlengsfeld Teller 5\" width=\"206\" height=\"300\" class=\"alignnone size-medium wp-image-53141\" srcset=\"https:\/\/museumek.eu\/wp-content\/uploads\/2012\/09\/Stadtlengsfeld-Teller-5-206x300.jpg 206w, https:\/\/museumek.eu\/wp-content\/uploads\/2012\/09\/Stadtlengsfeld-Teller-5-103x150.jpg 103w, https:\/\/museumek.eu\/wp-content\/uploads\/2012\/09\/Stadtlengsfeld-Teller-5.jpg 440w\" sizes=\"(max-width: 206px) 100vw, 206px\" \/><\/a> <\/p>\n","protected":false},"excerpt":{"rendered":"<p>Abteilung Deutschland, Keramik 1860 \u2013 1960, Inventarnummer D\/LVI\/4 Porzellanfabrik Stadtlengsfeld AG, vormals Porzellanfabrik Stadtlengsfeld GmbH, vormals Porzellanfabrik Stadtlengsfeld Carl Frisch, vormals Porzellanfabrik Stadtlengsfeld Koch &#038; Schnorr, Deutschland, Stadtlengsfeld, vor\/um 1900, Zierschale, K\u00fcnstler unbekannt, Werks.-Nr. ohne, Exemplar Nr. ohne, gemarkt Firmenmarke &hellip; <a href=\"https:\/\/museumek.eu\/?page_id=53152\">Weiterlesen <span class=\"meta-nav\">&rarr;<\/span><\/a><\/p>\n","protected":false},"author":1,"featured_media":0,"parent":13912,"menu_order":4,"comment_status":"closed","ping_status":"open","template":"","meta":[],"_links":{"self":[{"href":"https:\/\/museumek.eu\/index.php?rest_route=\/wp\/v2\/pages\/53152"}],"collection":[{"href":"https:\/\/museumek.eu\/index.php?rest_route=\/wp\/v2\/pages"}],"about":[{"href":"https:\/\/museumek.eu\/index.php?rest_route=\/wp\/v2\/types\/page"}],"author":[{"embeddable":true,"href":"https:\/\/museumek.eu\/index.php?rest_route=\/wp\/v2\/users\/1"}],"replies":[{"embeddable":true,"href":"https:\/\/museumek.eu\/index.php?rest_route=%2Fwp%2Fv2%2Fcomments&post=53152"}],"version-history":[{"count":4,"href":"https:\/\/museumek.eu\/index.php?rest_route=\/wp\/v2\/pages\/53152\/revisions"}],"predecessor-version":[{"id":53162,"href":"https:\/\/museumek.eu\/index.php?rest_route=\/wp\/v2\/pages\/53152\/revisions\/53162"}],"up":[{"embeddable":true,"href":"https:\/\/museumek.eu\/index.php?rest_route=\/wp\/v2\/pages\/13912"}],"wp:attachment":[{"href":"https:\/\/museumek.eu\/index.php?rest_route=%2Fwp%2Fv2%2Fmedia&parent=53152"}],"curies":[{"name":"wp","href":"https:\/\/api.w.org\/{rel}","templated":true}]}}