{"id":59061,"date":"2021-07-25T21:22:31","date_gmt":"2021-07-25T19:22:31","guid":{"rendered":"http:\/\/museumek.eu\/?page_id=59061"},"modified":"2021-07-25T21:22:31","modified_gmt":"2021-07-25T19:22:31","slug":"dccv3","status":"publish","type":"page","link":"https:\/\/museumek.eu\/?page_id=59061","title":{"rendered":"D\/CCV\/3"},"content":{"rendered":"<p><strong>Abteilung Deutschland, Keramik 1860 \u2013 1960, Inventarnummer D\/CCV\/3<\/strong><\/p>\n<p>Porzellan-Manufaktur August Roloff, Deutschland, M\u00fcnster, um 1923, dritter von 4 Tellern, K\u00fcnstler unbekannt, Werks.-Nr. ohne, Exemplar Nr. ohne, gemarkt Firmenmarke auf stabilen, undurchsichtigen, runden, goldenen Klebepapier (Abziehpapier) brauner Stempel mit Wappen der Wiedert\u00e4ufer aus M\u00fcnster, dieses abgewandelt, ein Reichsapfel mit Krone, der statt von zwei Dolchen durchbohrt, auf der rechten Seite mit einem Bischofsstab versehen wurde, seitlich in den beiden Fahnen ist jeweils eine 19 zu sehen, die auf das Gr\u00fcndungsjahr 1919 hinweisen soll, darunter in braun das Wort handgemalt, darunter brauner Stempel DEUTSCHE WERTARBEIT sowie in schwarz 1156 (Dekornummer ?), darunter 78 auf Glasur (Anm. MEK: 78 ist wohl die Malernummer, diese Nummer geh\u00f6rt zum Porzellanmaler Aloys Kerger), nicht signiert, Literatur: Dieter Z\u00fchlsdorff, Markenlexikon, Porzellan und Keramik Report 1885 &#8211; 1935, Band 1, Seite 186, Werk-Teil 1., Gruppennummer des Werkteils 2., laufende Nummer innerhalb der Gruppe 1622, sehr \u00e4hnliche Marke (dort f\u00fcr die Zeit vor 1925) sowie Seite 570, Werk-Teil 3., laufende Nummer des Werkteils 883, dort kurze unvollst\u00e4ndige Beschreibung der Fabrik, weitere Literatur: Ludwig Danckert, Handbuch des Europ\u00e4ischen Porzellans, 7. Auflage, Seite 464, unvollst\u00e4ndige Beschreibung der Fabrik sowie Marke 264 identisch (die Marke wurde am 28.04.1923 ins RWZR eingetragen), August Roloff, geb. 11.10.1897 in F\u00fcrstenberg (Braunschweig), hatte in F\u00fcrstenberg an der Weser das Porzellanmalen gelernt, er gr\u00fcndete am 19.03.1919 in M\u00fcnster, Kinderhauser Stra\u00dfe 104, sp\u00e4ter Me\u00dfkamp 15, seine eigene Porzellanmanufaktur, Firmierung Porzellan-Manufaktur August Roloff, je nach Dekor wurde die Marke mit Handmalerei, handgemalt oder bei \u201eAbziehbildern\u201c gar nicht unterschrieben, anf\u00e4nglich handelte es sich um nicht gemarkte Wei\u00dfware anderer Manufakturen, dies wollten letztendlich einige Hersteller nicht mehr, deshalb wurde die fremde Wei\u00dfware nun vom Hersteller gemarkt, wahrscheinlich benutzte Roloff seitdem die undurchsichtigen goldenen Abziehaufkleber, um Herstellermarken so zu \u00fcberdecken, dass diese nicht mehr sichtbar waren, die Manufaktur bezog in den Anfangsjahren \u00fcberwiegend die Wei\u00df\u00adware von Thomas, Rosenthal, Schumann, Tettau, Gr\u00e4f &#038; Krippner, K\u00f6nigszelt, in den Nachkriegsjahren von Heinrich, Johann Havi\u00adland, Eschenbach, Krautheim, Pirkenhammer u. a., \u00fcber das gezielte Aufkaufen \u00e4l\u00adterer Porzellane (Lagerbest\u00e4nde, die meistens fr\u00fcheren Datums waren) von s\u00e4chsischen und vielen s\u00fcddeutschen Porzellanfabriken hinaus, entwarf August Roloff eigene Formen, die er dort f\u00fcr sich herstellen lie\u00df, diese Porzellane tragen seine Marke in Gr\u00fcn unter der Glasur, teilweise wurde die Wei\u00dfware zus\u00e4tzlich mit \u201eEntwurf von Aug. Roloff\u201c auch unter der Glasur in gr\u00fcner Farbe erg\u00e4nzt, August Roloff begann seine Manufaktur mit drei Malern, 1921 kam der erste Lehrling, Bernhard Buf\u00e9 dazu, dieser wurde im Laufe der Jahre ein meisterhafter Maler und auch ein \u201eMeister\u201c f\u00fcr das Brennen, insbesondere f\u00fcr die Farbe Korallrot, Werner Reize (aus Konstanz, geb. 7.8.1902, gest. 1962 in Bonn), Freund von August Roloff und Mustermaler, schuf sehr viele neue Dekore, mit ihm ging August Roloff in den Jahren 1928 und 1929 nach Konstanz, wo Roloff die in Konkurs gegangene von Josef J\u00f6hle 1919 zusammen mit C. Bruno Zawatzki gegr\u00fcndete Porzellanmanufaktur Konstanz GmbH in Konstanz \u00fcbernahm, dort f\u00fchrte Roloff von 1927 bis 1929 die Marke \u201eRoloff\u201c mit Zusatz \u201eKonstanz\u201c weiter, im alten Adre\u00dfbuch des Jahres 1928 von Konstanz ist August Roloff als Mitinhaber der Porzellan-Manufaktur August Roloff G.m.b.H. auf der Hindenburgstra\u00dfe 40 eingetragen, \u00fcber die weitere Entwicklung in Konstanz ist nichts bekannt, August Roloff verstarb am 09.10.1931 an einem Herzinfarkt, der damalige Prokurist in der Manufaktur in M\u00fcnster Herr Henze \u00fcbernahm gleich nach dem Tod von August Roloff, die Leitung der Manufaktur, mit der Einheirat des Schwiegersohnes Ludwig Wiesner wurde dieser dann entlassen, weil Wiesner die F\u00fchrung des Betriebes \u00fcbernahm, Roloffs Witwe Ida Roloff war aber wohl bis mindestens 1943 Inhaberin, in den Kriegsjahren hielt Porzellanmalermeister Otto Fuldauer, der als Holl\u00e4nder nicht zum Kriegsdienst eingezogen wurde, den Betrieb aufrecht, Otto Fuldauer war vorher in Dieringhausen (Wuppertal) bei der Porzellanmalerei Spitzer besch\u00e4ftigt und kam 1938 zu Roloff, sp\u00e4ter kam Edith Wiesner nach ihrer Ausbildung als Meisterin in die Manufaktur, 1944 wurde die Manufaktur durch Bombeneinwirkung zerst\u00f6rt, nach WK II, wurde die Manufaktur wieder aufgebaut, im Jahre 1949 wurde die Manufaktur in eine OHG umgewandelt, deren Gesellschafter waren die Witwe Ida Roloff und Edith Wiesner geb. Roloff, Anfang der 50&#8217;er Jahre gingen gro\u00dfe Lieferungen nach Belgien, Freistaat Triest, Norwegen, Niederlande, Schweden, Itali\u00aden, Schweiz, Portugal, Luxemburg, T\u00fcrkei, S\u00fcdafrika, Curacao, Mexiko, Cuba, Peru, Panama, Britisch Westindien, USA, Australien und Neuseeland, die Mitarbeiter malten teilweise im Akkord, um die ganzen Aus\u00adlandsauftr\u00e4ge so gut wie nur m\u00f6glich zu erf\u00fcllen, trotzdem konnte sich die Manufaktur von den Kriegssch\u00e4den und den damit verbundenen hohen Wiederaufbaukosten nicht erholen, es ging bergab, Dienstleis\u00adtungen wurden mit Porzellan verrechnet, L\u00f6hne wurden nicht aus\u00adbezahlt, hinzu kam, dass Porzellan zunehmend industriell gefertigt und dekoriert wurde, Handarbeit rentierte sich nicht mehr, 1955 wurde die Manufaktur geschlossen, Durchmesser 20 cm<\/p>\n<p><a href=\"http:\/\/museumek.eu\/?attachment_id=59034\" rel=\"attachment wp-att-59034\"><img loading=\"lazy\" src=\"http:\/\/museumek.eu\/wp-content\/uploads\/2021\/07\/Roloff-alle-4-Teller-285x300.jpg\" alt=\"\" title=\"Roloff alle 4 Teller\" width=\"285\" height=\"300\" class=\"alignnone size-medium wp-image-59034\" srcset=\"https:\/\/museumek.eu\/wp-content\/uploads\/2021\/07\/Roloff-alle-4-Teller-285x300.jpg 285w, https:\/\/museumek.eu\/wp-content\/uploads\/2021\/07\/Roloff-alle-4-Teller-142x150.jpg 142w, https:\/\/museumek.eu\/wp-content\/uploads\/2021\/07\/Roloff-alle-4-Teller.jpg 480w\" sizes=\"(max-width: 285px) 100vw, 285px\" \/><\/a><\/p>\n<p><a href=\"http:\/\/museumek.eu\/?attachment_id=59044\" rel=\"attachment wp-att-59044\"><img loading=\"lazy\" src=\"http:\/\/museumek.eu\/wp-content\/uploads\/2021\/07\/Roloff-dritter-Teller-1-292x300.jpg\" alt=\"\" title=\"Roloff dritter Teller 1\" width=\"292\" height=\"300\" class=\"alignnone size-medium wp-image-59044\" srcset=\"https:\/\/museumek.eu\/wp-content\/uploads\/2021\/07\/Roloff-dritter-Teller-1-292x300.jpg 292w, https:\/\/museumek.eu\/wp-content\/uploads\/2021\/07\/Roloff-dritter-Teller-1-146x150.jpg 146w, https:\/\/museumek.eu\/wp-content\/uploads\/2021\/07\/Roloff-dritter-Teller-1.jpg 480w\" sizes=\"(max-width: 292px) 100vw, 292px\" \/><\/a><\/p>\n<p><a href=\"http:\/\/museumek.eu\/?attachment_id=59045\" rel=\"attachment wp-att-59045\"><img loading=\"lazy\" src=\"http:\/\/museumek.eu\/wp-content\/uploads\/2021\/07\/Roloff-dritter-Teller-2-300x300.jpg\" alt=\"\" title=\"Roloff dritter Teller 2\" width=\"300\" height=\"300\" class=\"alignnone size-medium wp-image-59045\" srcset=\"https:\/\/museumek.eu\/wp-content\/uploads\/2021\/07\/Roloff-dritter-Teller-2-300x300.jpg 300w, https:\/\/museumek.eu\/wp-content\/uploads\/2021\/07\/Roloff-dritter-Teller-2-150x150.jpg 150w, https:\/\/museumek.eu\/wp-content\/uploads\/2021\/07\/Roloff-dritter-Teller-2.jpg 481w\" sizes=\"(max-width: 300px) 100vw, 300px\" \/><\/a><\/p>\n<p><a href=\"http:\/\/museumek.eu\/?attachment_id=59046\" rel=\"attachment wp-att-59046\"><img loading=\"lazy\" src=\"http:\/\/museumek.eu\/wp-content\/uploads\/2021\/07\/Roloff-dritter-Teller-3-144x300.jpg\" alt=\"\" title=\"Roloff dritter Teller 3\" width=\"144\" height=\"300\" class=\"alignnone size-medium wp-image-59046\" srcset=\"https:\/\/museumek.eu\/wp-content\/uploads\/2021\/07\/Roloff-dritter-Teller-3-144x300.jpg 144w, https:\/\/museumek.eu\/wp-content\/uploads\/2021\/07\/Roloff-dritter-Teller-3-72x150.jpg 72w\" sizes=\"(max-width: 144px) 100vw, 144px\" \/><\/a><\/p>\n<p><a href=\"http:\/\/museumek.eu\/?attachment_id=59047\" rel=\"attachment wp-att-59047\"><img loading=\"lazy\" src=\"http:\/\/museumek.eu\/wp-content\/uploads\/2021\/07\/Roloff-dritter-Teller-4-298x300.jpg\" alt=\"\" title=\"Roloff dritter Teller 4\" width=\"298\" height=\"300\" class=\"alignnone size-medium wp-image-59047\" srcset=\"https:\/\/museumek.eu\/wp-content\/uploads\/2021\/07\/Roloff-dritter-Teller-4-298x300.jpg 298w, https:\/\/museumek.eu\/wp-content\/uploads\/2021\/07\/Roloff-dritter-Teller-4-150x150.jpg 150w, https:\/\/museumek.eu\/wp-content\/uploads\/2021\/07\/Roloff-dritter-Teller-4.jpg 480w\" sizes=\"(max-width: 298px) 100vw, 298px\" \/><\/a><\/p>\n<p><a href=\"http:\/\/museumek.eu\/?attachment_id=59048\" rel=\"attachment wp-att-59048\"><img loading=\"lazy\" src=\"http:\/\/museumek.eu\/wp-content\/uploads\/2021\/07\/Roloff-dritter-Teller-5-300x297.jpg\" alt=\"\" title=\"Roloff dritter Teller 5\" width=\"300\" height=\"297\" class=\"alignnone size-medium wp-image-59048\" srcset=\"https:\/\/museumek.eu\/wp-content\/uploads\/2021\/07\/Roloff-dritter-Teller-5-300x297.jpg 300w, https:\/\/museumek.eu\/wp-content\/uploads\/2021\/07\/Roloff-dritter-Teller-5-150x148.jpg 150w, https:\/\/museumek.eu\/wp-content\/uploads\/2021\/07\/Roloff-dritter-Teller-5-302x300.jpg 302w, https:\/\/museumek.eu\/wp-content\/uploads\/2021\/07\/Roloff-dritter-Teller-5.jpg 484w\" sizes=\"(max-width: 300px) 100vw, 300px\" \/><\/a><\/p>\n","protected":false},"excerpt":{"rendered":"<p>Abteilung Deutschland, Keramik 1860 \u2013 1960, Inventarnummer D\/CCV\/3 Porzellan-Manufaktur August Roloff, Deutschland, M\u00fcnster, um 1923, dritter von 4 Tellern, K\u00fcnstler unbekannt, Werks.-Nr. ohne, Exemplar Nr. ohne, gemarkt Firmenmarke auf stabilen, undurchsichtigen, runden, goldenen Klebepapier (Abziehpapier) brauner Stempel mit Wappen der &hellip; <a href=\"https:\/\/museumek.eu\/?page_id=59061\">Weiterlesen <span class=\"meta-nav\">&rarr;<\/span><\/a><\/p>\n","protected":false},"author":1,"featured_media":0,"parent":59011,"menu_order":3,"comment_status":"closed","ping_status":"open","template":"","meta":[],"_links":{"self":[{"href":"https:\/\/museumek.eu\/index.php?rest_route=\/wp\/v2\/pages\/59061"}],"collection":[{"href":"https:\/\/museumek.eu\/index.php?rest_route=\/wp\/v2\/pages"}],"about":[{"href":"https:\/\/museumek.eu\/index.php?rest_route=\/wp\/v2\/types\/page"}],"author":[{"embeddable":true,"href":"https:\/\/museumek.eu\/index.php?rest_route=\/wp\/v2\/users\/1"}],"replies":[{"embeddable":true,"href":"https:\/\/museumek.eu\/index.php?rest_route=%2Fwp%2Fv2%2Fcomments&post=59061"}],"version-history":[{"count":2,"href":"https:\/\/museumek.eu\/index.php?rest_route=\/wp\/v2\/pages\/59061\/revisions"}],"predecessor-version":[{"id":59063,"href":"https:\/\/museumek.eu\/index.php?rest_route=\/wp\/v2\/pages\/59061\/revisions\/59063"}],"up":[{"embeddable":true,"href":"https:\/\/museumek.eu\/index.php?rest_route=\/wp\/v2\/pages\/59011"}],"wp:attachment":[{"href":"https:\/\/museumek.eu\/index.php?rest_route=%2Fwp%2Fv2%2Fmedia&parent=59061"}],"curies":[{"name":"wp","href":"https:\/\/api.w.org\/{rel}","templated":true}]}}