{"id":728,"date":"2011-08-08T23:55:42","date_gmt":"2011-08-08T21:55:42","guid":{"rendered":"http:\/\/museumek.eu\/?page_id=728"},"modified":"2012-10-12T22:55:45","modified_gmt":"2012-10-12T20:55:45","slug":"aiv7","status":"publish","type":"page","link":"https:\/\/museumek.eu\/?page_id=728","title":{"rendered":"A\/IV\/7"},"content":{"rendered":"<p><strong>Abteilung Austria\/Ungarn\/B\u00f6hmen, Keramik 1860 \u2013 1960, Inventarnummer A\/IV\/7<\/strong><\/p>\n<p>Manufaktur Wiener Kunstkeramik und Porzellanmanufaktur Keramos, Austria, Wien, Ausformung 1950\u2019 Jahre, Figur Eintages-Fohlen, K\u00fcnstler Eduard Klablena, Werks.-Nr. 1118, Exemplar Nr. 2 (oder 30), gemarkt Keramos Wien Made in Austria schwarzer Stempel, 1118, 30 sowie 2 gepresst, ungedeutetes Zeichen rot gemalt, nicht signiert, Literatur: Uta M. Matschiner, Wiener Kunstkeramik und Porzellanmanufaktur Keramos mit Werksverzeichnis, Seite 418, Nr. 1118, identisches Fohlen, Entwurf Eduard Klablena, abgebildet, siehe auch MEK A\/IV\/6, dort die \u00e4ltere Ausf\u00fchrung des Eintages-Fohlen, H\u00f6he 9,7 cm, Breite 9 cm<\/p>\n<p><a href=\"http:\/\/museumek.eu\/wp-content\/uploads\/2011\/08\/Museum-Europ\u00e4ischer-Keramikkunst-Qualit\u00e4tsfotos-128.jpg\"><img loading=\"lazy\" src=\"http:\/\/museumek.eu\/wp-content\/uploads\/2011\/08\/Museum-Europ\u00e4ischer-Keramikkunst-Qualit\u00e4tsfotos-128-248x300.jpg\" alt=\"\" title=\"Museum Europ\u00e4ischer Keramikkunst Qualit\u00e4tsfotos 128\" width=\"248\" height=\"300\" class=\"alignnone size-medium wp-image-729\" srcset=\"https:\/\/museumek.eu\/wp-content\/uploads\/2011\/08\/Museum-Europ\u00e4ischer-Keramikkunst-Qualit\u00e4tsfotos-128-248x300.jpg 248w, https:\/\/museumek.eu\/wp-content\/uploads\/2011\/08\/Museum-Europ\u00e4ischer-Keramikkunst-Qualit\u00e4tsfotos-128.jpg 585w\" sizes=\"(max-width: 248px) 100vw, 248px\" \/><\/a><\/p>\n<p><a href=\"http:\/\/museumek.eu\/wp-content\/uploads\/2011\/08\/Museum-Europ\u00e4ischer-Keramikkunst-229.jpg\"><img loading=\"lazy\" src=\"http:\/\/museumek.eu\/wp-content\/uploads\/2011\/08\/Museum-Europ\u00e4ischer-Keramikkunst-229-193x300.jpg\" alt=\"\" title=\"Museum Europ\u00e4ischer Keramikkunst 229\" width=\"193\" height=\"300\" class=\"alignnone size-medium wp-image-730\" srcset=\"https:\/\/museumek.eu\/wp-content\/uploads\/2011\/08\/Museum-Europ\u00e4ischer-Keramikkunst-229-193x300.jpg 193w, https:\/\/museumek.eu\/wp-content\/uploads\/2011\/08\/Museum-Europ\u00e4ischer-Keramikkunst-229.jpg 565w\" sizes=\"(max-width: 193px) 100vw, 193px\" \/><\/a><\/p>\n","protected":false},"excerpt":{"rendered":"<p>Abteilung Austria\/Ungarn\/B\u00f6hmen, Keramik 1860 \u2013 1960, Inventarnummer A\/IV\/7 Manufaktur Wiener Kunstkeramik und Porzellanmanufaktur Keramos, Austria, Wien, Ausformung 1950\u2019 Jahre, Figur Eintages-Fohlen, K\u00fcnstler Eduard Klablena, Werks.-Nr. 1118, Exemplar Nr. 2 (oder 30), gemarkt Keramos Wien Made in Austria schwarzer Stempel, 1118, &hellip; <a href=\"https:\/\/museumek.eu\/?page_id=728\">Weiterlesen <span class=\"meta-nav\">&rarr;<\/span><\/a><\/p>\n","protected":false},"author":1,"featured_media":0,"parent":691,"menu_order":7,"comment_status":"open","ping_status":"open","template":"","meta":[],"_links":{"self":[{"href":"https:\/\/museumek.eu\/index.php?rest_route=\/wp\/v2\/pages\/728"}],"collection":[{"href":"https:\/\/museumek.eu\/index.php?rest_route=\/wp\/v2\/pages"}],"about":[{"href":"https:\/\/museumek.eu\/index.php?rest_route=\/wp\/v2\/types\/page"}],"author":[{"embeddable":true,"href":"https:\/\/museumek.eu\/index.php?rest_route=\/wp\/v2\/users\/1"}],"replies":[{"embeddable":true,"href":"https:\/\/museumek.eu\/index.php?rest_route=%2Fwp%2Fv2%2Fcomments&post=728"}],"version-history":[{"count":6,"href":"https:\/\/museumek.eu\/index.php?rest_route=\/wp\/v2\/pages\/728\/revisions"}],"predecessor-version":[{"id":15077,"href":"https:\/\/museumek.eu\/index.php?rest_route=\/wp\/v2\/pages\/728\/revisions\/15077"}],"up":[{"embeddable":true,"href":"https:\/\/museumek.eu\/index.php?rest_route=\/wp\/v2\/pages\/691"}],"wp:attachment":[{"href":"https:\/\/museumek.eu\/index.php?rest_route=%2Fwp%2Fv2%2Fmedia&parent=728"}],"curies":[{"name":"wp","href":"https:\/\/api.w.org\/{rel}","templated":true}]}}