{"id":9777,"date":"2012-05-20T19:27:04","date_gmt":"2012-05-20T17:27:04","guid":{"rendered":"http:\/\/museumek.eu\/?page_id=9777"},"modified":"2012-05-20T19:27:04","modified_gmt":"2012-05-20T17:27:04","slug":"fvii4","status":"publish","type":"page","link":"https:\/\/museumek.eu\/?page_id=9777","title":{"rendered":"F\/VII\/4"},"content":{"rendered":"<p><strong>Abteilung Frankreich, Keramik 1860 \u2013 1960, Inventarnummer F\/VII\/4<\/strong><\/p>\n<p>Manufaktur Soci\u00e8te Anonyme des Produits Ceramiques de Rambervillers (S.A.P.C.R), J.-B. A. Cyt\u00e8re, Frankreich, Rambervillers, um 1900, Figur Hund auf Rechtecksockel als Briefbeschwerer, K\u00fcnstler unbekannt, Werks.-Nr. ohne, Exemplar Nr. ohne, gemarkt Pressstempel Unis France sowie A. Cytere, Rambervillers, nicht signiert, Ausf\u00fchrung in \u201eGr\u00e8s flamm\u00e9s, auf Silberbasis erzeugte L\u00fcsterglasur, nahmhafte Jugenstilk\u00fcnstler fertigten Entw\u00fcrfe f\u00fcr die Manufaktur z. B. Jacques Gruber, Charles Louis Eug\u00e8ne Virion und Louis Majorelle, Literatur: J. A. Schmoll genannt Eisenwerth und Helga Schmoll genannt Eisenwerth, Nancy 1900, Jugenstil in Lothringen, Ausstellung im M\u00fcnchner Stadtmuseum vom 28.08. bis 23.11. 1980, Seite 419, dort Manufakturbeschreibung sowie Seiten 420 und 421, dort Abbildung und Beschreibung des Hundes, siehe auch M\u00fcnchner Stadtmuseum Inv.Nr. K 78-23, weitere Literatur: Ausstellung 21.08. \u2013 05.10. 1986, Hessisches Landesmuseum Darmstadt, Europ\u00e4ische Keramik 1880 \u2013 1930, Sammlung Silzer, Seite 154, Manufaktur dort beschrieben, weitere Literatur: Ausstellung K\u00fcnstlerkolonie Darmstadt 14.10.1995 \u2013 14.01.1996, Ausstellung M\u00fcnchner Stadtmuseum 01.03.1996 \u2013 28.04.1996, Jakob Julius Scharvogel, Keramiker des Jugendstils, Seite 59, dort das Ursprungsmodell abgebildet, Entwurf Ludwig Habich Jahr 1899, Ausf\u00fchrung Scharvogel, insofern handelt es sich bei der Rambervillers Figur um ein Plagiat des Habich Entwurfes, H\u00f6he 15 cm, Breite 17,5 cm<\/p>\n<p><a href=\"http:\/\/museumek.eu\/wp-content\/uploads\/2012\/05\/Museum-Europ\u00e4ischer-Keramikkunst-18781.jpg\"><img loading=\"lazy\" src=\"http:\/\/museumek.eu\/wp-content\/uploads\/2012\/05\/Museum-Europ\u00e4ischer-Keramikkunst-18781-300x290.jpg\" alt=\"\" title=\"Museum Europ\u00e4ischer Keramikkunst 1878\" width=\"300\" height=\"290\" class=\"alignnone size-medium wp-image-9778\" srcset=\"https:\/\/museumek.eu\/wp-content\/uploads\/2012\/05\/Museum-Europ\u00e4ischer-Keramikkunst-18781-300x290.jpg 300w, https:\/\/museumek.eu\/wp-content\/uploads\/2012\/05\/Museum-Europ\u00e4ischer-Keramikkunst-18781-310x300.jpg 310w, https:\/\/museumek.eu\/wp-content\/uploads\/2012\/05\/Museum-Europ\u00e4ischer-Keramikkunst-18781.jpg 728w\" sizes=\"(max-width: 300px) 100vw, 300px\" \/><\/a><\/p>\n<p><a href=\"http:\/\/museumek.eu\/wp-content\/uploads\/2012\/05\/Museum-Europ\u00e4ischer-Keramikkunst-1880.jpg\"><img loading=\"lazy\" src=\"http:\/\/museumek.eu\/wp-content\/uploads\/2012\/05\/Museum-Europ\u00e4ischer-Keramikkunst-1880-300x142.jpg\" alt=\"\" title=\"Museum Europ\u00e4ischer Keramikkunst 1880\" width=\"300\" height=\"142\" class=\"alignnone size-medium wp-image-9779\" srcset=\"https:\/\/museumek.eu\/wp-content\/uploads\/2012\/05\/Museum-Europ\u00e4ischer-Keramikkunst-1880-300x142.jpg 300w, https:\/\/museumek.eu\/wp-content\/uploads\/2012\/05\/Museum-Europ\u00e4ischer-Keramikkunst-1880-500x237.jpg 500w, https:\/\/museumek.eu\/wp-content\/uploads\/2012\/05\/Museum-Europ\u00e4ischer-Keramikkunst-1880.jpg 546w\" sizes=\"(max-width: 300px) 100vw, 300px\" \/><\/a><\/p>\n<p><a href=\"http:\/\/museumek.eu\/wp-content\/uploads\/2012\/05\/Museum-Europ\u00e4ischer-Keramikkunst-1881.jpg\"><img loading=\"lazy\" src=\"http:\/\/museumek.eu\/wp-content\/uploads\/2012\/05\/Museum-Europ\u00e4ischer-Keramikkunst-1881-300x120.jpg\" alt=\"\" title=\"Museum Europ\u00e4ischer Keramikkunst 1881\" width=\"300\" height=\"120\" class=\"alignnone size-medium wp-image-9780\" srcset=\"https:\/\/museumek.eu\/wp-content\/uploads\/2012\/05\/Museum-Europ\u00e4ischer-Keramikkunst-1881-300x120.jpg 300w, https:\/\/museumek.eu\/wp-content\/uploads\/2012\/05\/Museum-Europ\u00e4ischer-Keramikkunst-1881-500x201.jpg 500w, https:\/\/museumek.eu\/wp-content\/uploads\/2012\/05\/Museum-Europ\u00e4ischer-Keramikkunst-1881.jpg 531w\" sizes=\"(max-width: 300px) 100vw, 300px\" \/><\/a><\/p>\n","protected":false},"excerpt":{"rendered":"<p>Abteilung Frankreich, Keramik 1860 \u2013 1960, Inventarnummer F\/VII\/4 Manufaktur Soci\u00e8te Anonyme des Produits Ceramiques de Rambervillers (S.A.P.C.R), J.-B. A. Cyt\u00e8re, Frankreich, Rambervillers, um 1900, Figur Hund auf Rechtecksockel als Briefbeschwerer, K\u00fcnstler unbekannt, Werks.-Nr. ohne, Exemplar Nr. ohne, gemarkt Pressstempel Unis &hellip; <a href=\"https:\/\/museumek.eu\/?page_id=9777\">Weiterlesen <span class=\"meta-nav\">&rarr;<\/span><\/a><\/p>\n","protected":false},"author":1,"featured_media":0,"parent":2438,"menu_order":4,"comment_status":"closed","ping_status":"open","template":"","meta":[],"_links":{"self":[{"href":"https:\/\/museumek.eu\/index.php?rest_route=\/wp\/v2\/pages\/9777"}],"collection":[{"href":"https:\/\/museumek.eu\/index.php?rest_route=\/wp\/v2\/pages"}],"about":[{"href":"https:\/\/museumek.eu\/index.php?rest_route=\/wp\/v2\/types\/page"}],"author":[{"embeddable":true,"href":"https:\/\/museumek.eu\/index.php?rest_route=\/wp\/v2\/users\/1"}],"replies":[{"embeddable":true,"href":"https:\/\/museumek.eu\/index.php?rest_route=%2Fwp%2Fv2%2Fcomments&post=9777"}],"version-history":[{"count":2,"href":"https:\/\/museumek.eu\/index.php?rest_route=\/wp\/v2\/pages\/9777\/revisions"}],"predecessor-version":[{"id":9782,"href":"https:\/\/museumek.eu\/index.php?rest_route=\/wp\/v2\/pages\/9777\/revisions\/9782"}],"up":[{"embeddable":true,"href":"https:\/\/museumek.eu\/index.php?rest_route=\/wp\/v2\/pages\/2438"}],"wp:attachment":[{"href":"https:\/\/museumek.eu\/index.php?rest_route=%2Fwp%2Fv2%2Fmedia&parent=9777"}],"curies":[{"name":"wp","href":"https:\/\/api.w.org\/{rel}","templated":true}]}}