{"id":9998,"date":"2012-05-26T22:25:53","date_gmt":"2012-05-26T20:25:53","guid":{"rendered":"http:\/\/museumek.eu\/?page_id=9998"},"modified":"2012-09-02T15:06:01","modified_gmt":"2012-09-02T13:06:01","slug":"fotos-und-beschreibung","status":"publish","type":"page","link":"https:\/\/museumek.eu\/?page_id=9998","title":{"rendered":"Fotos und Beschreibung"},"content":{"rendered":"<p><strong>Abteilung Deutschland, Keramik 1860 \u2013 1960, Inventarnummer D\/XLII\/1<\/strong><\/p>\n<p>Manufaktur Keramische Kunstwerkst\u00e4tte Sch\u00f6n &#038; Co., Deutschland, Niederl\u00f6ssnitz &#8211; Dresden, um 1900, B\u00fcste Torso eines Knaben, K\u00fcnstler unbekannt, Werks.-Nr. 531, Exemplar Nr. ohne, gemarkt Firmenmarke gepresst, 531 sowie 1 gepresst, nicht signiert, H\u00f6he 17 cm, Breite 14 cm <\/p>\n<p><a href=\"http:\/\/museumek.eu\/wp-content\/uploads\/2012\/05\/Museum-Europ\u00e4ischer-Keramikkunst-1782.jpg\"><img loading=\"lazy\" src=\"http:\/\/museumek.eu\/wp-content\/uploads\/2012\/05\/Museum-Europ\u00e4ischer-Keramikkunst-1782-218x300.jpg\" alt=\"\" title=\"Museum Europ\u00e4ischer Keramikkunst 1782\" width=\"218\" height=\"300\" class=\"alignnone size-medium wp-image-9989\" srcset=\"https:\/\/museumek.eu\/wp-content\/uploads\/2012\/05\/Museum-Europ\u00e4ischer-Keramikkunst-1782-218x300.jpg 218w, https:\/\/museumek.eu\/wp-content\/uploads\/2012\/05\/Museum-Europ\u00e4ischer-Keramikkunst-1782.jpg 532w\" sizes=\"(max-width: 218px) 100vw, 218px\" \/><\/a><\/p>\n<p><a href=\"http:\/\/museumek.eu\/wp-content\/uploads\/2012\/05\/Museum-Europ\u00e4ischer-Keramikkunst-1783.jpg\"><img loading=\"lazy\" src=\"http:\/\/museumek.eu\/wp-content\/uploads\/2012\/05\/Museum-Europ\u00e4ischer-Keramikkunst-1783-300x110.jpg\" alt=\"\" title=\"Museum Europ\u00e4ischer Keramikkunst 1783\" width=\"300\" height=\"110\" class=\"alignnone size-medium wp-image-9990\" srcset=\"https:\/\/museumek.eu\/wp-content\/uploads\/2012\/05\/Museum-Europ\u00e4ischer-Keramikkunst-1783-300x110.jpg 300w, https:\/\/museumek.eu\/wp-content\/uploads\/2012\/05\/Museum-Europ\u00e4ischer-Keramikkunst-1783-500x184.jpg 500w, https:\/\/museumek.eu\/wp-content\/uploads\/2012\/05\/Museum-Europ\u00e4ischer-Keramikkunst-1783.jpg 712w\" sizes=\"(max-width: 300px) 100vw, 300px\" \/><\/a><\/p>\n","protected":false},"excerpt":{"rendered":"<p>Abteilung Deutschland, Keramik 1860 \u2013 1960, Inventarnummer D\/XLII\/1 Manufaktur Keramische Kunstwerkst\u00e4tte Sch\u00f6n &#038; Co., Deutschland, Niederl\u00f6ssnitz &#8211; Dresden, um 1900, B\u00fcste Torso eines Knaben, K\u00fcnstler unbekannt, Werks.-Nr. 531, Exemplar Nr. ohne, gemarkt Firmenmarke gepresst, 531 sowie 1 gepresst, nicht signiert, &hellip; <a href=\"https:\/\/museumek.eu\/?page_id=9998\">Weiterlesen <span class=\"meta-nav\">&rarr;<\/span><\/a><\/p>\n","protected":false},"author":1,"featured_media":0,"parent":9995,"menu_order":1,"comment_status":"closed","ping_status":"open","template":"","meta":[],"_links":{"self":[{"href":"https:\/\/museumek.eu\/index.php?rest_route=\/wp\/v2\/pages\/9998"}],"collection":[{"href":"https:\/\/museumek.eu\/index.php?rest_route=\/wp\/v2\/pages"}],"about":[{"href":"https:\/\/museumek.eu\/index.php?rest_route=\/wp\/v2\/types\/page"}],"author":[{"embeddable":true,"href":"https:\/\/museumek.eu\/index.php?rest_route=\/wp\/v2\/users\/1"}],"replies":[{"embeddable":true,"href":"https:\/\/museumek.eu\/index.php?rest_route=%2Fwp%2Fv2%2Fcomments&post=9998"}],"version-history":[{"count":3,"href":"https:\/\/museumek.eu\/index.php?rest_route=\/wp\/v2\/pages\/9998\/revisions"}],"predecessor-version":[{"id":13258,"href":"https:\/\/museumek.eu\/index.php?rest_route=\/wp\/v2\/pages\/9998\/revisions\/13258"}],"up":[{"embeddable":true,"href":"https:\/\/museumek.eu\/index.php?rest_route=\/wp\/v2\/pages\/9995"}],"wp:attachment":[{"href":"https:\/\/museumek.eu\/index.php?rest_route=%2Fwp%2Fv2%2Fmedia&parent=9998"}],"curies":[{"name":"wp","href":"https:\/\/api.w.org\/{rel}","templated":true}]}}